CRAN Package Check Results for Package smartmap

Last updated on 2024-03-04 23:54:27 CET.

Flavor Version Tinstall Tcheck Ttotal Status Flags
r-devel-linux-x86_64-debian-clang 0.1.1 5.24 64.62 69.86 NOTE
r-devel-linux-x86_64-debian-gcc 0.1.1 3.93 47.70 51.63 NOTE
r-devel-linux-x86_64-fedora-clang 0.1.1 83.36 NOTE
r-devel-linux-x86_64-fedora-gcc 0.1.1 82.89 NOTE
r-devel-windows-x86_64 0.1.1 8.00 64.00 72.00 NOTE
r-patched-linux-x86_64 0.1.1 3.37 61.03 64.40 NOTE
r-release-linux-x86_64 0.1.1 3.32 61.69 65.01 NOTE
r-release-macos-arm64 0.1.1 30.00 NOTE
r-release-macos-x86_64 0.1.1 43.00 NOTE
r-release-windows-x86_64 0.1.1 9.00 75.00 84.00 NOTE
r-oldrel-macos-arm64 0.1.1 27.00 NOTE
r-oldrel-windows-x86_64 0.1.1 9.00 74.00 83.00 NOTE

Check Details

Version: 0.1.1
Check: package subdirectories
Result: NOTE Problems with news in ‘NEWS.md’: No news entries found. Flavors: r-devel-linux-x86_64-debian-clang, r-devel-linux-x86_64-debian-gcc, r-devel-linux-x86_64-fedora-clang, r-devel-linux-x86_64-fedora-gcc, r-devel-windows-x86_64, r-patched-linux-x86_64, r-release-linux-x86_64, r-release-macos-arm64, r-release-macos-x86_64, r-release-windows-x86_64

Version: 0.1.1
Check: LazyData
Result: NOTE 'LazyData' is specified without a 'data' directory Flavors: r-devel-linux-x86_64-debian-clang, r-devel-linux-x86_64-debian-gcc, r-devel-linux-x86_64-fedora-clang, r-devel-linux-x86_64-fedora-gcc, r-devel-windows-x86_64, r-patched-linux-x86_64, r-release-linux-x86_64, r-release-macos-arm64, r-release-macos-x86_64, r-release-windows-x86_64, r-oldrel-macos-arm64, r-oldrel-windows-x86_64