CRAN Package Check Results for Package smartsizer

Last updated on 2023-12-08 10:54:47 CET.

Flavor Version Tinstall Tcheck Ttotal Status Flags
r-devel-linux-x86_64-debian-clang 1.0.3 2.38 170.35 172.73 NOTE
r-devel-linux-x86_64-debian-gcc 1.0.3 1.75 109.28 111.03 NOTE
r-devel-linux-x86_64-fedora-clang 1.0.3 204.30 NOTE
r-devel-linux-x86_64-fedora-gcc 1.0.3 214.87 NOTE
r-devel-windows-x86_64 1.0.3 3.00 117.00 120.00 NOTE
r-patched-linux-x86_64 1.0.3 2.35 161.31 163.66 NOTE
r-release-linux-x86_64 1.0.3 1.96 155.71 157.67 NOTE
r-release-macos-arm64 1.0.3 60.00 NOTE
r-release-macos-x86_64 1.0.3 98.00 NOTE
r-release-windows-x86_64 1.0.3 3.00 142.00 145.00 NOTE
r-oldrel-macos-arm64 1.0.3 47.00 NOTE
r-oldrel-macos-x86_64 1.0.3 58.00 NOTE
r-oldrel-windows-x86_64 1.0.3 4.00 142.00 146.00 NOTE

Check Details

Version: 1.0.3
Check: LazyData
Result: NOTE 'LazyData' is specified without a 'data' directory Flavors: r-devel-linux-x86_64-debian-clang, r-devel-linux-x86_64-debian-gcc, r-devel-linux-x86_64-fedora-clang, r-devel-linux-x86_64-fedora-gcc, r-devel-windows-x86_64, r-patched-linux-x86_64, r-release-linux-x86_64, r-release-macos-arm64, r-release-macos-x86_64, r-release-windows-x86_64, r-oldrel-macos-arm64, r-oldrel-macos-x86_64, r-oldrel-windows-x86_64