CRAN Package Check Results for Package smooth

Last updated on 2021-04-22 18:48:51 CEST.

Flavor Version Tinstall Tcheck Ttotal Status Flags
r-devel-linux-x86_64-debian-clang 3.1.1 229.89 334.79 564.68 OK --no-vignettes
r-devel-linux-x86_64-debian-gcc 3.1.1 165.74 247.43 413.17 OK --no-vignettes
r-devel-linux-x86_64-fedora-clang 3.1.1 1073.79 NOTE
r-devel-linux-x86_64-fedora-gcc 3.1.1 1050.62 OK
r-devel-windows-ix86+x86_64 3.1.1 465.00 468.00 933.00 NOTE --no-vignettes
r-devel-windows-x86_64-gcc10-UCRT 3.1.1 NOTE
r-patched-linux-x86_64 3.1.1 187.04 304.81 491.85 WARN --no-vignettes
r-patched-solaris-x86 3.1.1 1053.50 NOTE
r-release-linux-x86_64 3.1.1 192.74 300.99 493.73 OK --no-vignettes
r-release-macos-x86_64 3.1.1 NOTE
r-release-windows-ix86+x86_64 3.1.1 462.00 435.00 897.00 NOTE --no-vignettes
r-oldrel-macos-x86_64 3.1.1 NOTE
r-oldrel-windows-ix86+x86_64 3.1.1 328.00 343.00 671.00 NOTE --no-vignettes

Check Details

Version: 3.1.1
Check: installed package size
Result: NOTE
     installed size is 16.2Mb
     sub-directories of 1Mb or more:
     R 1.2Mb
     doc 3.7Mb
     libs 10.9Mb
Flavors: r-devel-linux-x86_64-fedora-clang, r-patched-solaris-x86, r-release-macos-x86_64, r-oldrel-macos-x86_64

Version: 3.1.1
Flags: --no-vignettes
Check: package dependencies
Result: NOTE
    Package suggested but not available for checking: 'doMC'
Flavors: r-devel-windows-ix86+x86_64, r-release-windows-ix86+x86_64, r-oldrel-windows-ix86+x86_64

Version: 3.1.1
Flags: --no-vignettes
Check: installed package size
Result: NOTE
     installed size is 8.5Mb
     sub-directories of 1Mb or more:
     R 1.2Mb
     doc 3.7Mb
     libs 3.2Mb
Flavors: r-devel-windows-ix86+x86_64, r-release-windows-ix86+x86_64, r-oldrel-windows-ix86+x86_64

Version: 3.1.1
Check: package dependencies
Result: NOTE
    Package suggested but not available for checking: 'doMC'
Flavor: r-devel-windows-x86_64-gcc10-UCRT

Version: 3.1.1
Flags: --no-vignettes
Check: whether package can be installed
Result: WARN
    Found the following significant warnings:
     Rd warning: /tmp/RtmpvTCj5J/Rbuild14f35b9b85f2/smooth/man/adam.Rd:141: file link ‘dnorm’ in package ‘stats’ does not exist and so has been treated as a topic
     Rd warning: /tmp/RtmpvTCj5J/Rbuild14f35b9b85f2/smooth/man/adam.Rd:338: file link ‘dlaplace’ in package ‘greybox’ does not exist and so has been treated as a topic
     Rd warning: /tmp/RtmpvTCj5J/Rbuild14f35b9b85f2/smooth/man/adam.Rd:339: file link ‘ds’ in package ‘greybox’ does not exist and so has been treated as a topic
     Rd warning: /tmp/RtmpvTCj5J/Rbuild14f35b9b85f2/smooth/man/adam.Rd:340: file link ‘dgnorm’ in package ‘greybox’ does not exist and so has been treated as a topic
     Rd warning: /tmp/RtmpvTCj5J/Rbuild14f35b9b85f2/smooth/man/adam.Rd:341: file link ‘dlnorm’ in package ‘stats’ does not exist and so has been treated as a topic
     Rd warning: /tmp/RtmpvTCj5J/Rbuild14f35b9b85f2/smooth/man/adam.Rd:342: file link ‘dgamma’ in package ‘stats’ does not exist and so has been treated as a topic
     Rd warning: /tmp/RtmpvTCj5J/Rbuild14f35b9b85f2/smooth/man/adam.Rd:343: file link ‘dinvgauss’ in package ‘statmod’ does not exist and so has been treated as a topic
     Rd warning: /tmp/Rtmp2qvZKD/R.INSTALL26df72de8868/smooth/man/auto.ces.Rd:166: file link ‘forecast’ in package ‘greybox’ does not exist and so has been treated as a topic
     Rd warning: /tmp/RtmpvTCj5J/Rbuild14f35b9b85f2/smooth/man/es.Rd:355: file link ‘forecast’ in package ‘greybox’ does not exist and so has been treated as a topic
     Rd warning: /tmp/Rtmp2qvZKD/R.INSTALL26df72de8868/smooth/man/forecast.smooth.Rd:100: file link ‘forecast’ in package ‘greybox’ does not exist and so has been treated as a topic
     Rd warning: /tmp/RtmpvTCj5J/Rbuild14f35b9b85f2/smooth/man/smooth.Rd:119: file link ‘forecast’ in package ‘greybox’ does not exist and so has been treated as a topic
Flavor: r-patched-linux-x86_64