CRAN Package Check Results for Package smoothAPC

Last updated on 2018-07-20 22:50:40 CEST.

Flavor Version Tinstall Tcheck Ttotal Status Flags
r-devel-linux-x86_64-debian-clang 0.3 6.87 95.74 102.61 OK
r-devel-linux-x86_64-debian-gcc 0.3 5.24 78.05 83.29 OK
r-devel-linux-x86_64-fedora-clang 0.3 122.88 NOTE
r-devel-linux-x86_64-fedora-gcc 0.3 121.39 NOTE
r-devel-windows-ix86+x86_64 0.3 10.00 139.00 149.00 OK
r-patched-linux-x86_64 0.3 6.54 84.81 91.35 OK
r-patched-solaris-x86 0.3 188.50 NOTE
r-release-linux-x86_64 0.3 5.16 84.70 89.86 OK
r-release-windows-ix86+x86_64 0.3 15.00 93.00 108.00 OK
r-release-osx-x86_64 0.3 NOTE
r-oldrel-windows-ix86+x86_64 0.3 15.00 152.00 167.00 OK
r-oldrel-osx-x86_64 0.3 WARN

Check Details

Version: 0.3
Check: dependencies in R code
Result: NOTE
    Namespaces in Imports field not imported from:
     ‘compiler’ ‘lmtest’
     All declared Imports should be used.
Flavors: r-devel-linux-x86_64-fedora-clang, r-devel-linux-x86_64-fedora-gcc, r-patched-solaris-x86, r-release-osx-x86_64, r-oldrel-osx-x86_64

Version: 0.3
Check: whether package can be installed
Result: WARN
    Found the following significant warnings:
     Warning: 'rgl_init' failed, running with rgl.useNULL = TRUE
Flavor: r-oldrel-osx-x86_64