CRAN Package Check Results for Package smoothAPC

Last updated on 2018-04-26 12:47:28 CEST.

Flavor Version Tinstall Tcheck Ttotal Status Flags
r-devel-linux-x86_64-debian-clang 0.2 6.91 78.88 85.79 OK
r-devel-linux-x86_64-debian-gcc 0.2 4.58 69.15 73.73 OK
r-devel-linux-x86_64-fedora-clang 0.2 113.36 NOTE
r-devel-linux-x86_64-fedora-gcc 0.2 110.11 NOTE
r-devel-windows-ix86+x86_64 0.2 15.00 88.00 103.00 OK
r-patched-linux-x86_64 0.2 5.36 81.83 87.19 OK
r-patched-solaris-x86 0.2 196.20 NOTE
r-release-linux-x86_64 0.2 6.49 83.21 89.70 OK
r-release-windows-ix86+x86_64 0.2 15.00 88.00 103.00 OK
r-release-osx-x86_64 0.2 NOTE
r-oldrel-windows-ix86+x86_64 0.2 9.00 154.00 163.00 OK
r-oldrel-osx-x86_64 0.2 NOTE

Check Details

Version: 0.2
Check: dependencies in R code
Result: NOTE
    Namespaces in Imports field not imported from:
     ‘compiler’ ‘lmtest’
     All declared Imports should be used.
Flavors: r-devel-linux-x86_64-fedora-clang, r-devel-linux-x86_64-fedora-gcc, r-patched-solaris-x86, r-release-osx-x86_64, r-oldrel-osx-x86_64