CRAN Package Check Results for Package smoothAPC

Last updated on 2022-11-30 20:55:25 CET.

Flavor Version Tinstall Tcheck Ttotal Status Flags
r-devel-linux-x86_64-debian-clang 0.3 13.08 129.46 142.54 NOTE
r-devel-linux-x86_64-debian-gcc 0.3 9.05 100.04 109.09 NOTE
r-devel-linux-x86_64-fedora-clang 0.3 182.47 NOTE
r-devel-linux-x86_64-fedora-gcc 0.3 170.32 NOTE
r-devel-windows-x86_64 0.3 26.00 150.00 176.00 NOTE
r-patched-linux-x86_64 0.3 11.32 121.41 132.73 NOTE
r-release-linux-x86_64 0.3 9.73 120.99 130.72 NOTE
r-release-macos-arm64 0.3 68.00 NOTE
r-release-macos-x86_64 0.3 66.00 NOTE
r-release-windows-x86_64 0.3 21.00 158.00 179.00 NOTE
r-oldrel-macos-arm64 0.3 60.00 NOTE
r-oldrel-macos-x86_64 0.3 106.00 NOTE
r-oldrel-windows-ix86+x86_64 0.3 25.00 155.00 180.00 NOTE

Check Details

Version: 0.3
Check: LazyData
Result: NOTE
     'LazyData' is specified without a 'data' directory
Flavors: r-devel-linux-x86_64-debian-clang, r-devel-linux-x86_64-debian-gcc, r-devel-linux-x86_64-fedora-clang, r-devel-linux-x86_64-fedora-gcc, r-devel-windows-x86_64, r-patched-linux-x86_64, r-release-linux-x86_64, r-release-macos-arm64, r-release-macos-x86_64, r-release-windows-x86_64, r-oldrel-macos-arm64, r-oldrel-macos-x86_64, r-oldrel-windows-ix86+x86_64

Version: 0.3
Check: dependencies in R code
Result: NOTE
    Namespaces in Imports field not imported from:
     ‘compiler’ ‘lmtest’
     All declared Imports should be used.
Flavors: r-devel-linux-x86_64-fedora-clang, r-devel-linux-x86_64-fedora-gcc, r-release-macos-arm64, r-release-macos-x86_64, r-oldrel-macos-arm64, r-oldrel-macos-x86_64