CRAN Package Check Results for Package smoothAPC

Last updated on 2018-01-23 07:47:24 CET.

Flavor Version Tinstall Tcheck Ttotal Status Flags
r-devel-linux-x86_64-debian-clang 0.2 4.84 74.13 78.97 OK
r-devel-linux-x86_64-debian-gcc 0.2 4.14 60.02 64.16 OK
r-devel-linux-x86_64-fedora-clang 0.2 116.96 NOTE
r-devel-linux-x86_64-fedora-gcc 0.2 108.64 NOTE
r-devel-windows-ix86+x86_64 0.2 16.00 93.00 109.00 OK
r-patched-linux-x86_64 0.2 4.16 93.50 97.66 OK
r-patched-solaris-x86 0.2 308.20 NOTE
r-release-linux-x86_64 0.2 5.12 94.04 99.16 OK
r-release-windows-ix86+x86_64 0.2 8.00 192.00 200.00 OK
r-release-osx-x86_64 0.2 NOTE
r-oldrel-windows-ix86+x86_64 0.2 15.00 149.00 164.00 OK
r-oldrel-osx-x86_64 0.2 NOTE

Check Details

Version: 0.2
Check: dependencies in R code
Result: NOTE
    Namespaces in Imports field not imported from:
     ‘compiler’ ‘lmtest’
     All declared Imports should be used.
Flavors: r-devel-linux-x86_64-fedora-clang, r-devel-linux-x86_64-fedora-gcc, r-patched-solaris-x86, r-release-osx-x86_64, r-oldrel-osx-x86_64