CRAN Package Check Results for Package smoothAPC

Last updated on 2018-10-20 03:50:47 CEST.

Flavor Version Tinstall Tcheck Ttotal Status Flags
r-devel-linux-x86_64-debian-clang 0.3 6.21 96.70 102.91 OK
r-devel-linux-x86_64-debian-gcc 0.3 5.65 79.25 84.90 OK
r-devel-linux-x86_64-fedora-clang 0.3 124.59 NOTE
r-devel-linux-x86_64-fedora-gcc 0.3 121.16 NOTE
r-devel-windows-ix86+x86_64 0.3 16.00 98.00 114.00 OK
r-patched-linux-x86_64 0.3 5.87 84.21 90.08 OK
r-patched-solaris-x86 0.3 186.70 NOTE
r-release-linux-x86_64 0.3 5.47 84.02 89.49 OK
r-release-windows-ix86+x86_64 0.3 18.00 125.00 143.00 OK
r-release-osx-x86_64 0.3 NOTE
r-oldrel-windows-ix86+x86_64 0.3 11.00 185.00 196.00 OK
r-oldrel-osx-x86_64 0.3 WARN

Check Details

Version: 0.3
Check: dependencies in R code
Result: NOTE
    Namespaces in Imports field not imported from:
     ‘compiler’ ‘lmtest’
     All declared Imports should be used.
Flavors: r-devel-linux-x86_64-fedora-clang, r-devel-linux-x86_64-fedora-gcc, r-patched-solaris-x86, r-release-osx-x86_64, r-oldrel-osx-x86_64

Version: 0.3
Check: whether package can be installed
Result: WARN
    Found the following significant warnings:
     Warning: 'rgl_init' failed, running with rgl.useNULL = TRUE
Flavor: r-oldrel-osx-x86_64