CRAN Package Check Results for Package smoothie

Last updated on 2019-01-21 17:48:49 CET.

Flavor Version Tinstall Tcheck Ttotal Status Flags
r-devel-linux-x86_64-debian-clang 1.0-1 1.43 19.42 20.85 NOTE
r-devel-linux-x86_64-debian-gcc 1.0-1 1.00 15.33 16.33 NOTE
r-devel-linux-x86_64-fedora-clang 1.0-1 25.67 NOTE
r-devel-linux-x86_64-fedora-gcc 1.0-1 24.00 NOTE
r-devel-windows-ix86+x86_64 1.0-1 4.00 32.00 36.00 NOTE
r-patched-linux-x86_64 1.0-1 1.25 18.08 19.33 NOTE
r-patched-solaris-x86 1.0-1 38.00 NOTE
r-release-linux-x86_64 1.0-1 1.38 17.97 19.35 NOTE
r-release-windows-ix86+x86_64 1.0-1 2.00 40.00 42.00 NOTE
r-release-osx-x86_64 1.0-1 NOTE
r-oldrel-windows-ix86+x86_64 1.0-1 3.00 30.00 33.00 NOTE
r-oldrel-osx-x86_64 1.0-1 NOTE

Check Details

Version: 1.0-1
Check: DESCRIPTION meta-information
Result: NOTE
    Malformed Description field: should contain one or more complete sentences.
Flavors: r-devel-linux-x86_64-debian-clang, r-devel-linux-x86_64-debian-gcc, r-devel-linux-x86_64-fedora-clang, r-devel-linux-x86_64-fedora-gcc, r-devel-windows-ix86+x86_64, r-patched-linux-x86_64, r-patched-solaris-x86, r-release-linux-x86_64, r-release-windows-ix86+x86_64, r-release-osx-x86_64, r-oldrel-windows-ix86+x86_64, r-oldrel-osx-x86_64

Version: 1.0-1
Check: R code for possible problems
Result: NOTE
    Fourier2d: no visible global function definition for ‘fft’
    kernel2dsmooth: no visible global function definition for ‘fft’
    Undefined global functions or variables:
     fft
    Consider adding
     importFrom("stats", "fft")
    to your NAMESPACE file.
Flavors: r-devel-linux-x86_64-debian-clang, r-devel-linux-x86_64-debian-gcc, r-devel-linux-x86_64-fedora-clang, r-devel-linux-x86_64-fedora-gcc, r-devel-windows-ix86+x86_64, r-patched-linux-x86_64, r-patched-solaris-x86, r-release-linux-x86_64, r-release-windows-ix86+x86_64, r-release-osx-x86_64, r-oldrel-windows-ix86+x86_64, r-oldrel-osx-x86_64