CRAN Package Check Results for Package smpic

Last updated on 2018-05-28 06:47:02 CEST.

Flavor Version Tinstall Tcheck Ttotal Status Flags
r-devel-linux-x86_64-debian-clang 0.1.0 1.00 29.66 30.66 OK
r-devel-linux-x86_64-debian-gcc 0.1.0 0.80 25.60 26.40 OK
r-devel-linux-x86_64-fedora-clang 0.1.0 40.98 OK
r-devel-linux-x86_64-fedora-gcc 0.1.0 39.78 OK
r-devel-windows-ix86+x86_64 0.1.0 3.00 40.00 43.00 OK
r-patched-linux-x86_64 0.1.0 0.82 29.92 30.74 OK
r-patched-solaris-x86 0.1.0 3.70 ERROR
r-release-linux-x86_64 0.1.0 0.97 29.89 30.86 OK
r-release-windows-ix86+x86_64 0.1.0 4.00 61.00 65.00 OK
r-release-osx-x86_64 0.1.0 OK
r-oldrel-windows-ix86+x86_64 0.1.0 4.00 68.00 72.00 OK
r-oldrel-osx-x86_64 0.1.0 OK

Check Details

Version: 0.1.0
Check: package dependencies
Result: ERROR
    Package required but not available: ‘imager’
    
    See section ‘The DESCRIPTION file’ in the ‘Writing R Extensions’
    manual.
Flavor: r-patched-solaris-x86