CRAN Package Check Results for Package smurf

Last updated on 2020-02-20 21:47:42 CET.

Flavor Version Tinstall Tcheck Ttotal Status Flags
r-devel-linux-x86_64-debian-clang 1.0.4 39.26 161.51 200.77 ERROR
r-devel-linux-x86_64-debian-gcc 1.0.4 28.96 151.00 179.96 OK
r-devel-linux-x86_64-fedora-clang 1.0.4 303.70 OK
r-devel-linux-x86_64-fedora-gcc 1.0.4 299.25 OK
r-devel-windows-ix86+x86_64 1.0.4 67.00 319.00 386.00 OK
r-devel-windows-ix86+x86_64-gcc8 1.0.4 87.00 404.00 491.00 OK
r-patched-linux-x86_64 1.0.4 33.47 183.64 217.11 OK
r-patched-solaris-x86 1.0.4 338.10 OK
r-release-linux-x86_64 1.0.4 32.05 185.75 217.80 OK
r-release-windows-ix86+x86_64 1.0.4 71.00 301.00 372.00 OK
r-release-osx-x86_64 1.0.4 OK
r-oldrel-windows-ix86+x86_64 1.0.4 93.00 316.00 409.00 OK
r-oldrel-osx-x86_64 1.0.4 OK

Check Details

Version: 1.0.4
Check: tests
Result: ERROR
     Running 'testthat.R' [61s/66s]
    Running the tests in 'tests/testthat.R' failed.
    Complete output:
     > library("testthat")
     > library("smurf")
     >
     > test_check("smurf")
     Error in FUN(X[[i]], ...) :
     Some levels are missing in cross-validation sample 2. Please use a different (larger) value for 'k' in the control object.
     Calls: test_check ... source_test_helpers -> source_dir -> lapply -> FUN -> eval -> eval
     Execution halted
Flavor: r-devel-linux-x86_64-debian-clang