CRAN Package Check Results for Package sn

Last updated on 2018-12-17 15:49:57 CET.

Flavor Version Tinstall Tcheck Ttotal Status Flags
r-devel-linux-x86_64-debian-clang 1.5-3 12.23 2.61 14.84 ERROR
r-devel-linux-x86_64-debian-gcc 1.5-3 10.37 1.73 12.10 ERROR
r-devel-linux-x86_64-fedora-clang 1.5-3 123.54 OK
r-devel-linux-x86_64-fedora-gcc 1.5-3 118.94 OK
r-devel-windows-ix86+x86_64 1.5-3 22.00 96.00 118.00 OK
r-patched-linux-x86_64 1.5-3 12.32 2.78 15.10 ERROR
r-patched-solaris-x86 1.5-3 144.30 OK
r-release-linux-x86_64 1.5-3 13.95 84.94 98.89 OK
r-release-windows-ix86+x86_64 1.5-3 22.00 119.00 141.00 OK
r-release-osx-x86_64 1.5-3 OK
r-oldrel-windows-ix86+x86_64 1.5-3 6.00 103.00 109.00 OK
r-oldrel-osx-x86_64 1.5-3 OK

Check Details

Version: 1.5-3
Check: whether the package can be loaded
Result: ERROR
    Loading this package had a fatal error status code 1
    Loading log:
    Loading required package: stats4
    Error: package or namespace load failed for ‘sn’:
     .onLoad failed in loadNamespace() for ‘mnormt’, details:
     call: dyn.load(file, DLLpath = DLLpath, ...)
     error: unable to load shared object ‘/home/hornik/tmp/R.check/r-devel-clang/Work/build/Packages/mnormt/libs/mnormt.so’:
     /home/hornik/tmp/R.check/r-devel-clang/Work/build/Packages/mnormt/libs/mnormt.so: failed to map segment from shared object
    Execution halted
Flavor: r-devel-linux-x86_64-debian-clang

Version: 1.5-3
Check: whether the package can be loaded
Result: ERROR
    Loading this package had a fatal error status code 1
    Loading log:
    Loading required package: stats4
    Error: package or namespace load failed for ‘sn’:
     .onLoad failed in loadNamespace() for ‘mnormt’, details:
     call: dyn.load(file, DLLpath = DLLpath, ...)
     error: unable to load shared object ‘/home/hornik/tmp/R.check/r-devel-gcc/Work/build/Packages/mnormt/libs/mnormt.so’:
     /home/hornik/tmp/R.check/r-devel-gcc/Work/build/Packages/mnormt/libs/mnormt.so: failed to map segment from shared object
    Execution halted
Flavor: r-devel-linux-x86_64-debian-gcc

Version: 1.5-3
Check: whether the package can be loaded
Result: ERROR
    Loading this package had a fatal error status code 1
    Loading log:
    Loading required package: stats4
    Error: package or namespace load failed for ‘sn’:
     .onLoad failed in loadNamespace() for ‘mnormt’, details:
     call: dyn.load(file, DLLpath = DLLpath, ...)
     error: unable to load shared object ‘/home/hornik/tmp/R.check/r-patched-gcc/Work/build/Packages/mnormt/libs/mnormt.so’:
     /home/hornik/tmp/R.check/r-patched-gcc/Work/build/Packages/mnormt/libs/mnormt.so: failed to map segment from shared object
    Execution halted
Flavor: r-patched-linux-x86_64