CRAN Package Check Results for Package snakecase

Last updated on 2018-02-24 00:47:58 CET.

Flavor Version Tinstall Tcheck Ttotal Status Flags
r-devel-linux-x86_64-debian-clang 0.8.1 1.32 34.23 35.55 OK
r-devel-linux-x86_64-debian-gcc 0.8.1 1.02 26.91 27.93 OK
r-devel-linux-x86_64-fedora-clang 0.8.1 45.78 OK
r-devel-linux-x86_64-fedora-gcc 0.8.1 43.13 OK
r-devel-windows-ix86+x86_64 0.8.1 2.00 61.00 63.00 OK
r-patched-linux-x86_64 0.8.1 0.75 36.08 36.83 OK
r-patched-solaris-x86 0.8.1 70.50 OK
r-release-linux-x86_64 0.8.1 0.88 35.86 36.74 OK
r-release-windows-ix86+x86_64 0.8.1 3.00 60.00 63.00 OK
r-release-osx-x86_64 0.8.1 OK
r-oldrel-windows-ix86+x86_64 0.8.1 3.00 44.00 47.00 OK
r-oldrel-osx-x86_64 0.7.1 NOTE

Check Details

Version: 0.7.1
Check: for unstated dependencies in vignettes
Result: NOTE
    Warning: parse error in file '/Builds/CRAN-QA-Simon/packages/mavericks-x86_64/results/3.3/snakecase.Rcheck/snakecase/doc/caseconverters.R':
    invalid multibyte character in parser at line 18
Flavor: r-oldrel-osx-x86_64