CRAN Package Check Results for Package snowboot

Last updated on 2018-02-19 09:53:13 CET.

Flavor Version Tinstall Tcheck Ttotal Status Flags
r-devel-linux-x86_64-debian-clang 0.5.2 12.72 35.01 47.73 NOTE
r-devel-linux-x86_64-debian-gcc 0.5.2 11.71 28.95 40.66 NOTE
r-devel-linux-x86_64-fedora-clang 0.5.2 74.97 NOTE
r-devel-linux-x86_64-fedora-gcc 0.5.2 63.58 NOTE
r-devel-windows-ix86+x86_64 0.5.2 30.00 71.00 101.00 OK
r-patched-linux-x86_64 0.5.2 12.16 37.54 49.70 NOTE
r-patched-solaris-x86 0.5.2 84.50 OK
r-release-linux-x86_64 0.5.2 12.44 37.56 50.00 NOTE
r-release-windows-ix86+x86_64 0.5.2 39.00 93.00 132.00 OK
r-release-osx-x86_64 0.5.2 OK
r-oldrel-windows-ix86+x86_64 0.5.2 38.00 89.00 127.00 OK
r-oldrel-osx-x86_64 0.5.2 OK

Check Details

Version: 0.5.2
Check: DESCRIPTION meta-information
Result: NOTE
    Dependence on R version ‘3.3.2’ not with patchlevel 0
Flavors: r-devel-linux-x86_64-debian-clang, r-devel-linux-x86_64-debian-gcc, r-devel-linux-x86_64-fedora-clang, r-devel-linux-x86_64-fedora-gcc

Version: 0.5.2
Check: compiled code
Result: NOTE
    File ‘snowboot/libs/snowboot.so’:
     Found no calls to: ‘R_registerRoutines’, ‘R_useDynamicSymbols’
    
    It is good practice to register native routines and to disable symbol
    search.
    
    See ‘Writing portable packages’ in the ‘Writing R Extensions’ manual.
Flavors: r-devel-linux-x86_64-debian-clang, r-devel-linux-x86_64-debian-gcc, r-devel-linux-x86_64-fedora-clang, r-devel-linux-x86_64-fedora-gcc, r-patched-linux-x86_64, r-release-linux-x86_64