CRAN Package Check Results for Package snowboot

Last updated on 2018-05-20 20:48:12 CEST.

Flavor Version Tinstall Tcheck Ttotal Status Flags
r-devel-linux-x86_64-debian-clang 0.5.2 14.59 39.17 53.76 NOTE
r-devel-linux-x86_64-debian-gcc 0.5.2 11.40 30.73 42.13 NOTE
r-devel-linux-x86_64-fedora-clang 0.5.2 73.58 NOTE
r-devel-linux-x86_64-fedora-gcc 0.5.2 67.45 NOTE
r-devel-windows-ix86+x86_64 0.5.2 49.00 94.00 143.00 OK
r-patched-linux-x86_64 0.5.2 16.48 37.37 53.85 NOTE
r-patched-solaris-x86 0.5.2 95.60 OK
r-release-linux-x86_64 0.5.2 14.90 36.14 51.04 NOTE
r-release-windows-ix86+x86_64 0.5.2 31.00 76.00 107.00 OK
r-release-osx-x86_64 0.5.2 OK
r-oldrel-windows-ix86+x86_64 0.5.2 27.00 79.00 106.00 OK
r-oldrel-osx-x86_64 0.5.2 OK

Check Details

Version: 0.5.2
Check: compiled code
Result: NOTE
    File ‘snowboot/libs/snowboot.so’:
     Found no calls to: ‘R_registerRoutines’, ‘R_useDynamicSymbols’
    
    It is good practice to register native routines and to disable symbol
    search.
    
    See ‘Writing portable packages’ in the ‘Writing R Extensions’ manual.
Flavors: r-devel-linux-x86_64-debian-clang, r-devel-linux-x86_64-debian-gcc, r-devel-linux-x86_64-fedora-clang, r-devel-linux-x86_64-fedora-gcc, r-patched-linux-x86_64, r-release-linux-x86_64

Version: 0.5.2
Check: DESCRIPTION meta-information
Result: NOTE
    Dependence on R version ‘3.3.2’ not with patchlevel 0
Flavors: r-patched-linux-x86_64, r-release-linux-x86_64