CRAN Package Check Results for Package snpReady

Last updated on 2019-11-22 03:49:28 CET.

Flavor Version Tinstall Tcheck Ttotal Status Flags
r-devel-linux-x86_64-debian-clang 0.9.6 OK
r-devel-linux-x86_64-debian-gcc 0.9.6 7.71 58.64 66.35 OK
r-devel-linux-x86_64-fedora-clang 0.9.6 95.45 OK
r-devel-linux-x86_64-fedora-gcc 0.9.6 97.23 OK
r-devel-windows-ix86+x86_64 0.9.6 30.00 92.00 122.00 OK
r-devel-windows-ix86+x86_64-gcc8 0.9.6 20.00 87.00 107.00 OK
r-patched-linux-x86_64 0.9.6 6.92 67.69 74.61 OK
r-patched-solaris-x86 0.9.6 161.30 OK
r-release-linux-x86_64 0.9.6 8.19 69.09 77.28 OK
r-release-windows-ix86+x86_64 0.9.6 29.00 97.00 126.00 OK
r-release-osx-x86_64 0.9.6 WARN
r-oldrel-windows-ix86+x86_64 0.9.6 10.00 110.00 120.00 OK
r-oldrel-osx-x86_64 0.9.6 OK

Check Details

Version: 0.9.6
Check: whether package can be installed
Result: WARN
    Found the following significant warnings:
     Warning: 'rgl_init' failed, running with rgl.useNULL = TRUE
Flavor: r-release-osx-x86_64

Version: 0.9.6
Check: dependencies in R code
Result: NOTE
    No protocol specified
Flavor: r-release-osx-x86_64

Version: 0.9.6
Check: S3 generic/method consistency
Result: WARN
    No protocol specified
    See section ‘Generic functions and methods’ in the ‘Writing R
    Extensions’ manual.
Flavor: r-release-osx-x86_64

Version: 0.9.6
Check: replacement functions
Result: WARN
    No protocol specified
    The argument of a replacement function which corresponds to the right
    hand side must be named ‘value’.
Flavor: r-release-osx-x86_64

Version: 0.9.6
Check: foreign function calls
Result: NOTE
    No protocol specified
    See chapter ‘System and foreign language interfaces’ in the ‘Writing R
    Extensions’ manual.
Flavor: r-release-osx-x86_64

Version: 0.9.6
Check: R code for possible problems
Result: NOTE
    No protocol specified
Flavor: r-release-osx-x86_64

Version: 0.9.6
Check: for missing documentation entries
Result: WARN
    No protocol specified
    All user-level objects in a package should have documentation entries.
    See chapter ‘Writing R documentation files’ in the ‘Writing R
    Extensions’ manual.
Flavor: r-release-osx-x86_64

Version: 0.9.6
Check: for code/documentation mismatches
Result: WARN
    No protocol specified
    No protocol specified
    No protocol specified
Flavor: r-release-osx-x86_64

Version: 0.9.6
Check: Rd \usage sections
Result: NOTE
    No protocol specified
    The \usage entries for S3 methods should use the \method markup and not
    their full name.
    See chapter ‘Writing R documentation files’ in the ‘Writing R
    Extensions’ manual.
Flavor: r-release-osx-x86_64