CRAN Package Check Results for Package snplist

Last updated on 2020-07-07 07:48:16 CEST.

Flavor Version Tinstall Tcheck Ttotal Status Flags
r-devel-linux-x86_64-debian-clang 0.18.1 24.40 154.51 178.91 NOTE
r-devel-linux-x86_64-debian-gcc 0.18.1 21.58 112.00 133.58 WARN
r-devel-linux-x86_64-fedora-clang 0.18.1 232.72 NOTE
r-devel-linux-x86_64-fedora-gcc 0.18.1 220.55 NOTE
r-devel-windows-ix86+x86_64 0.18.1 58.00 219.00 277.00 OK
r-patched-linux-x86_64 0.18.1 24.21 143.12 167.33 WARN
r-patched-solaris-x86 0.18.1 298.40 NOTE
r-release-linux-x86_64 0.18.1 23.04 150.99 174.03 NOTE
r-release-osx-x86_64 0.18.1 OK
r-release-windows-ix86+x86_64 0.18.1 57.00 208.00 265.00 OK
r-oldrel-osx-x86_64 0.18.1 OK
r-oldrel-windows-ix86+x86_64 0.18.1 39.00 7.00 46.00 ERROR

Check Details

Version: 0.18.1
Check: for non-standard things in the check directory
Result: NOTE
    Found the following files/directories:
     'geneSet.set' 'snplistdb.sqlite'
Flavors: r-devel-linux-x86_64-debian-clang, r-devel-linux-x86_64-debian-gcc, r-devel-linux-x86_64-fedora-clang, r-devel-linux-x86_64-fedora-gcc, r-patched-linux-x86_64, r-patched-solaris-x86, r-release-linux-x86_64

Version: 0.18.1
Check: re-building of vignette outputs
Result: WARN
    Error(s) in re-building vignettes:
     ...
    --- re-building ‘snplist.Rnw’ using knitr
    Quitting from lines 86-91 (snplist.Rnw)
    Error: processing vignette 'snplist.Rnw' failed with diagnostics:
    Please install xml2 package
    --- failed re-building ‘snplist.Rnw’
    
    SUMMARY: processing the following file failed:
     ‘snplist.Rnw’
    
    Error: Vignette re-building failed.
    Execution halted
Flavors: r-devel-linux-x86_64-debian-gcc, r-patched-linux-x86_64

Version: 0.18.1
Check: whether package can be installed
Result: ERROR
    Installation failed.
Flavor: r-oldrel-windows-ix86+x86_64