CRAN Package Check Results for Package sobolnp

Last updated on 2022-12-10 07:57:05 CET.

Flavor Version Tinstall Tcheck Ttotal Status Flags
r-devel-linux-x86_64-debian-clang 0.1.0 10.73 108.76 119.49 NOTE
r-devel-linux-x86_64-debian-gcc 0.1.0 8.30 81.76 90.06 NOTE
r-devel-linux-x86_64-fedora-clang 0.1.0 152.13 NOTE
r-devel-linux-x86_64-fedora-gcc 0.1.0 146.73 NOTE
r-devel-windows-x86_64 0.1.0 14.00 128.00 142.00 NOTE
r-patched-linux-x86_64 0.1.0 8.83 101.31 110.14 NOTE
r-release-linux-x86_64 0.1.0 10.36 104.06 114.42 NOTE
r-release-macos-arm64 0.1.0 60.00 NOTE
r-release-macos-x86_64 0.1.0 56.00 NOTE
r-release-windows-x86_64 0.1.0 14.00 131.00 145.00 NOTE
r-oldrel-macos-arm64 0.1.0 44.00 NOTE
r-oldrel-macos-x86_64 0.1.0 68.00 NOTE
r-oldrel-windows-ix86+x86_64 0.1.0 22.00 124.00 146.00 NOTE

Check Details

Version: 0.1.0
Check: LazyData
Result: NOTE
     'LazyData' is specified without a 'data' directory
Flavors: r-devel-linux-x86_64-debian-clang, r-devel-linux-x86_64-debian-gcc, r-devel-linux-x86_64-fedora-clang, r-devel-linux-x86_64-fedora-gcc, r-devel-windows-x86_64, r-patched-linux-x86_64, r-release-linux-x86_64, r-release-macos-arm64, r-release-macos-x86_64, r-release-windows-x86_64, r-oldrel-macos-arm64, r-oldrel-macos-x86_64, r-oldrel-windows-ix86+x86_64