CRAN Package Check Results for Package sobolnp

Last updated on 2023-12-05 00:52:19 CET.

Flavor Version Tinstall Tcheck Ttotal Status Flags
r-devel-linux-x86_64-debian-clang 0.1.0 7.90 101.19 109.09 NOTE
r-devel-linux-x86_64-debian-gcc 0.1.0 7.43 80.13 87.56 NOTE
r-devel-linux-x86_64-fedora-clang 0.1.0 134.19 NOTE
r-devel-linux-x86_64-fedora-gcc 0.1.0 129.52 NOTE
r-devel-windows-x86_64 0.1.0 8.00 89.00 97.00 NOTE
r-patched-linux-x86_64 0.1.0 9.65 97.50 107.15 NOTE
r-release-linux-x86_64 0.1.0 8.22 97.27 105.49 NOTE
r-release-macos-arm64 0.1.0 44.00 NOTE
r-release-macos-x86_64 0.1.0 73.00 NOTE
r-release-windows-x86_64 0.1.0 11.00 104.00 115.00 NOTE
r-oldrel-macos-arm64 0.1.0 60.00 NOTE
r-oldrel-macos-x86_64 0.1.0 56.00 NOTE
r-oldrel-windows-x86_64 0.1.0 12.00 107.00 119.00 NOTE

Check Details

Version: 0.1.0
Check: LazyData
Result: NOTE 'LazyData' is specified without a 'data' directory Flavors: r-devel-linux-x86_64-debian-clang, r-devel-linux-x86_64-debian-gcc, r-devel-linux-x86_64-fedora-clang, r-devel-linux-x86_64-fedora-gcc, r-devel-windows-x86_64, r-patched-linux-x86_64, r-release-linux-x86_64, r-release-macos-arm64, r-release-macos-x86_64, r-release-windows-x86_64, r-oldrel-macos-arm64, r-oldrel-macos-x86_64, r-oldrel-windows-x86_64