CRAN Package Check Results for Package socialmixr

Last updated on 2018-10-21 17:54:36 CEST.

Flavor Version Tinstall Tcheck Ttotal Status Flags
r-devel-linux-x86_64-debian-clang 0.1.3 4.26 72.15 76.41 OK
r-devel-linux-x86_64-debian-gcc 0.1.3 3.62 50.79 54.41 OK
r-devel-linux-x86_64-fedora-clang 0.1.3 85.11 NOTE
r-devel-linux-x86_64-fedora-gcc 0.1.3 75.76 NOTE
r-devel-windows-ix86+x86_64 0.1.3 10.00 130.00 140.00 OK
r-patched-linux-x86_64 0.1.3 3.83 56.62 60.45 OK
r-patched-solaris-x86 0.1.3 120.10 NOTE
r-release-linux-x86_64 0.1.3 3.71 54.92 58.63 OK
r-release-windows-ix86+x86_64 0.1.3 9.00 121.00 130.00 OK
r-release-osx-x86_64 0.1.3 NOTE
r-oldrel-windows-ix86+x86_64 0.1.3 5.00 134.00 139.00 OK
r-oldrel-osx-x86_64 0.1.3 NOTE

Check Details

Version: 0.1.3
Check: data for non-ASCII characters
Result: NOTE
     Note: found 1 marked UTF-8 string
Flavors: r-devel-linux-x86_64-fedora-clang, r-devel-linux-x86_64-fedora-gcc, r-patched-solaris-x86, r-release-osx-x86_64, r-oldrel-osx-x86_64