CRAN Package Check Results for Package socialmixr

Last updated on 2019-01-22 02:49:06 CET.

Flavor Version Tinstall Tcheck Ttotal Status Flags
r-devel-linux-x86_64-debian-clang 0.1.3 3.37 85.70 89.07 OK
r-devel-linux-x86_64-debian-gcc 0.1.3 2.37 101.54 103.91 OK
r-devel-linux-x86_64-fedora-clang 0.1.3 84.49 NOTE
r-devel-linux-x86_64-fedora-gcc 0.1.3 77.20 NOTE
r-devel-windows-ix86+x86_64 0.1.3 10.00 110.00 120.00 OK
r-patched-linux-x86_64 0.1.3 3.72 89.55 93.27 OK
r-patched-solaris-x86 0.1.3 127.20 NOTE
r-release-linux-x86_64 0.1.3 4.18 91.82 96.00 OK
r-release-windows-ix86+x86_64 0.1.3 15.00 144.00 159.00 OK
r-release-osx-x86_64 0.1.3 NOTE
r-oldrel-windows-ix86+x86_64 0.1.3 10.00 134.00 144.00 OK
r-oldrel-osx-x86_64 0.1.3 NOTE

Check Details

Version: 0.1.3
Check: data for non-ASCII characters
Result: NOTE
     Note: found 1 marked UTF-8 string
Flavors: r-devel-linux-x86_64-fedora-clang, r-devel-linux-x86_64-fedora-gcc, r-patched-solaris-x86, r-release-osx-x86_64, r-oldrel-osx-x86_64