CRAN Package Check Results for Package socialmixr

Last updated on 2018-05-25 04:50:42 CEST.

Flavor Version Tinstall Tcheck Ttotal Status Flags
r-devel-linux-x86_64-debian-clang 0.1.2 3.93 68.73 72.66 OK
r-devel-linux-x86_64-debian-gcc 0.1.2 3.39 47.93 51.32 OK
r-devel-linux-x86_64-fedora-clang 0.1.2 83.69 NOTE
r-devel-linux-x86_64-fedora-gcc 0.1.2 77.48 NOTE
r-devel-windows-ix86+x86_64 0.1.2 7.00 83.00 90.00 OK
r-patched-linux-x86_64 0.1.2 3.46 54.63 58.09 OK
r-patched-solaris-x86 0.1.2 114.80 NOTE
r-release-linux-x86_64 0.1.2 3.30 55.05 58.35 OK
r-release-windows-ix86+x86_64 0.1.2 9.00 111.00 120.00 OK
r-release-osx-x86_64 0.1.2 NOTE
r-oldrel-windows-ix86+x86_64 0.1.2 8.00 97.00 105.00 OK
r-oldrel-osx-x86_64 0.1.2 NOTE

Check Details

Version: 0.1.2
Check: data for non-ASCII characters
Result: NOTE
     Note: found 1 marked UTF-8 string
Flavors: r-devel-linux-x86_64-fedora-clang, r-devel-linux-x86_64-fedora-gcc, r-patched-solaris-x86, r-release-osx-x86_64, r-oldrel-osx-x86_64