CRAN Package Check Results for Package softImpute

Last updated on 2021-05-08 09:51:24 CEST.

Flavor Version Tinstall Tcheck Ttotal Status Flags
r-devel-linux-x86_64-debian-clang 1.4 11.68 82.66 94.34 NOTE
r-devel-linux-x86_64-debian-gcc 1.4 9.34 65.51 74.85 NOTE
r-devel-linux-x86_64-fedora-clang 1.4 122.71 NOTE
r-devel-linux-x86_64-fedora-gcc 1.4 118.43 NOTE
r-devel-windows-ix86+x86_64 1.4 20.00 6.00 26.00 ERROR
r-devel-windows-x86_64-gcc10-UCRT 1.4 NOTE
r-patched-linux-x86_64 1.4 10.89 79.69 90.58 NOTE
r-patched-solaris-x86 1.4 162.20 NOTE
r-release-linux-x86_64 1.4 10.66 77.80 88.46 NOTE
r-release-macos-x86_64 1.4 NOTE
r-release-windows-ix86+x86_64 1.4 19.00 105.00 124.00 NOTE
r-oldrel-macos-x86_64 1.4 NOTE
r-oldrel-windows-ix86+x86_64 1.4 25.00 92.00 117.00 NOTE

Check Details

Version: 1.4
Check: DESCRIPTION meta-information
Result: NOTE
    Malformed Description field: should contain one or more complete sentences.
Flavors: r-devel-linux-x86_64-debian-clang, r-devel-linux-x86_64-debian-gcc, r-devel-linux-x86_64-fedora-clang, r-devel-linux-x86_64-fedora-gcc, r-devel-windows-x86_64-gcc10-UCRT, r-patched-linux-x86_64, r-patched-solaris-x86, r-release-linux-x86_64, r-release-macos-x86_64, r-release-windows-ix86+x86_64, r-oldrel-macos-x86_64, r-oldrel-windows-ix86+x86_64

Version: 1.4
Check: R code for possible problems
Result: NOTE
    Ssimpute.als: no visible global function definition for 'rnorm'
    Ssvd.als: no visible global function definition for 'rnorm'
    cs.default: no visible binding for global variable 'weighted.mean'
    simpute.als: no visible global function definition for 'rnorm'
    Undefined global functions or variables:
     rnorm weighted.mean
    Consider adding
     importFrom("stats", "rnorm", "weighted.mean")
    to your NAMESPACE file.
Flavors: r-devel-linux-x86_64-debian-clang, r-devel-linux-x86_64-debian-gcc, r-devel-linux-x86_64-fedora-clang, r-devel-linux-x86_64-fedora-gcc, r-devel-windows-x86_64-gcc10-UCRT, r-patched-linux-x86_64, r-patched-solaris-x86, r-release-linux-x86_64, r-release-macos-x86_64, r-release-windows-ix86+x86_64, r-oldrel-macos-x86_64, r-oldrel-windows-ix86+x86_64

Version: 1.4
Check: compiled code
Result: NOTE
    File ‘softImpute/libs/softImpute.so’:
     Found no calls to: ‘R_registerRoutines’, ‘R_useDynamicSymbols’
    
    It is good practice to register native routines and to disable symbol
    search.
    
    See ‘Writing portable packages’ in the ‘Writing R Extensions’ manual.
Flavors: r-devel-linux-x86_64-fedora-clang, r-devel-linux-x86_64-fedora-gcc

Version: 1.4
Check: whether package can be installed
Result: ERROR
    Installation failed.
Flavor: r-devel-windows-ix86+x86_64