CRAN Package Check Results for Package soilassessment

Last updated on 2021-03-09 07:49:52 CET.

Flavor Version Tinstall Tcheck Ttotal Status Flags
r-devel-linux-x86_64-debian-clang 0.2.1 43.68 280.08 323.76 OK
r-devel-linux-x86_64-debian-gcc 0.2.1 34.01 215.85 249.86 OK
r-devel-linux-x86_64-fedora-clang 0.2.1 407.41 OK
r-devel-linux-x86_64-fedora-gcc 0.2.1 397.48 OK
r-devel-windows-ix86+x86_64 0.2.1 89.00 347.00 436.00 OK
r-devel-windows-x86_64-gcc10-UCRT 0.2.1 OK
r-patched-linux-x86_64 0.2.1 42.18 260.74 302.92 OK
r-patched-solaris-x86 0.2.1 555.80 OK
r-release-linux-x86_64 0.2.1 45.18 261.91 307.09 OK
r-release-macos-x86_64 0.2.1 OK
r-release-windows-ix86+x86_64 0.2.1 57.00 362.00 419.00 OK
r-oldrel-macos-x86_64 0.2.1 WARN
r-oldrel-windows-ix86+x86_64 0.2.1 49.00 223.00 272.00 OK

Check Details

Version: 0.2.1
Check: dependencies in R code
Result: NOTE
    No protocol specified
    No protocol specified
Flavor: r-oldrel-macos-x86_64

Version: 0.2.1
Check: S3 generic/method consistency
Result: WARN
    No protocol specified
    No protocol specified
    See section ‘Generic functions and methods’ in the ‘Writing R
    Extensions’ manual.
Flavor: r-oldrel-macos-x86_64

Version: 0.2.1
Check: replacement functions
Result: WARN
    No protocol specified
    No protocol specified
    The argument of a replacement function which corresponds to the right
    hand side must be named ‘value’.
Flavor: r-oldrel-macos-x86_64

Version: 0.2.1
Check: foreign function calls
Result: NOTE
    No protocol specified
    No protocol specified
    See chapter ‘System and foreign language interfaces’ in the ‘Writing R
    Extensions’ manual.
Flavor: r-oldrel-macos-x86_64

Version: 0.2.1
Check: R code for possible problems
Result: NOTE
    No protocol specified
    No protocol specified
Flavor: r-oldrel-macos-x86_64

Version: 0.2.1
Check: for missing documentation entries
Result: WARN
    No protocol specified
    No protocol specified
    All user-level objects in a package should have documentation entries.
    See chapter ‘Writing R documentation files’ in the ‘Writing R
    Extensions’ manual.
Flavor: r-oldrel-macos-x86_64

Version: 0.2.1
Check: for code/documentation mismatches
Result: WARN
    No protocol specified
    No protocol specified
    No protocol specified
    No protocol specified
    No protocol specified
    No protocol specified
Flavor: r-oldrel-macos-x86_64

Version: 0.2.1
Check: Rd \usage sections
Result: NOTE
    No protocol specified
    No protocol specified
    The \usage entries for S3 methods should use the \method markup and not
    their full name.
    See chapter ‘Writing R documentation files’ in the ‘Writing R
    Extensions’ manual.
Flavor: r-oldrel-macos-x86_64