CRAN Package Check Results for Package solitude

Last updated on 2021-04-14 08:48:32 CEST.

Flavor Version Tinstall Tcheck Ttotal Status Flags
r-devel-linux-x86_64-debian-clang 1.1.1 3.43 34.71 38.14 OK
r-devel-linux-x86_64-debian-gcc 1.1.1 2.33 26.00 28.33 OK
r-devel-linux-x86_64-fedora-clang 1.1.1 55.58 NOTE
r-devel-linux-x86_64-fedora-gcc 1.1.1 42.74 NOTE
r-devel-windows-ix86+x86_64 1.1.1 7.00 48.00 55.00 OK
r-devel-windows-x86_64-gcc10-UCRT 1.1.1 NOTE
r-patched-linux-x86_64 1.1.1 3.20 32.05 35.25 OK
r-patched-solaris-x86 1.1.1 71.70 NOTE
r-release-linux-x86_64 1.1.1 3.16 31.82 34.98 OK
r-release-macos-x86_64 1.1.1 NOTE
r-release-windows-ix86+x86_64 1.1.1 5.00 48.00 53.00 OK
r-oldrel-macos-x86_64 1.1.1 NOTE
r-oldrel-windows-ix86+x86_64 1.1.1 6.00 37.00 43.00 OK

Check Details

Version: 1.1.1
Check: dependencies in R code
Result: NOTE
    Namespaces in Imports field not imported from:
     ‘R6’ ‘lgr’
     All declared Imports should be used.
Flavors: r-devel-linux-x86_64-fedora-clang, r-devel-linux-x86_64-fedora-gcc, r-devel-windows-x86_64-gcc10-UCRT, r-patched-solaris-x86, r-release-macos-x86_64, r-oldrel-macos-x86_64