CRAN Package Check Results for Package solrium

Last updated on 2024-02-28 15:49:37 CET.

Flavor Version Tinstall Tcheck Ttotal Status Flags
r-devel-linux-x86_64-debian-clang 1.2.0 7.98 80.23 88.21 NOTE
r-devel-linux-x86_64-debian-gcc 1.2.0 7.71 60.65 68.36 NOTE
r-devel-linux-x86_64-fedora-clang 1.2.0 112.89 NOTE
r-devel-linux-x86_64-fedora-gcc 1.2.0 120.03 NOTE
r-devel-windows-x86_64 1.2.0 10.00 121.00 131.00 OK
r-patched-linux-x86_64 1.2.0 10.99 77.24 88.23 OK
r-release-linux-x86_64 1.2.0 8.51 77.96 86.47 OK
r-release-macos-arm64 1.2.0 48.00 OK
r-release-macos-x86_64 1.2.0 69.00 OK
r-release-windows-x86_64 1.2.0 13.00 131.00 144.00 OK
r-oldrel-macos-arm64 1.2.0 36.00 OK
r-oldrel-windows-x86_64 1.2.0 12.00 124.00 136.00 OK

Check Details

Version: 1.2.0
Check: Rd files
Result: NOTE checkRd: (-1) solr_mlt.Rd:70: Lost braces; missing escapes or markup? 70 | TermVector DEFAULT_FIELD_NAMES = new String[] {"contents"} | ^ Flavors: r-devel-linux-x86_64-debian-clang, r-devel-linux-x86_64-debian-gcc, r-devel-linux-x86_64-fedora-clang, r-devel-linux-x86_64-fedora-gcc

Version: 1.2.0
Check: Rd cross-references
Result: NOTE Undeclared package ‘XML’ in Rd xrefs Flavor: r-devel-linux-x86_64-fedora-clang