CRAN Package Check Results for Package sonicscrewdriver

Last updated on 2022-09-25 01:51:55 CEST.

Flavor Version Tinstall Tcheck Ttotal Status Flags
r-devel-linux-x86_64-debian-clang 0.0.4 11.35 108.60 119.95 OK
r-devel-linux-x86_64-debian-gcc 0.0.4 8.95 78.97 87.92 OK
r-devel-linux-x86_64-fedora-clang 0.0.4 150.95 NOTE
r-devel-linux-x86_64-fedora-gcc 0.0.4 143.72 NOTE
r-devel-windows-x86_64 0.0.4 115.00 144.00 259.00 OK
r-patched-linux-x86_64 0.0.4 11.28 100.00 111.28 OK
r-release-linux-x86_64 0.0.4 9.04 99.94 108.98 OK
r-release-macos-arm64 0.0.4 38.00 NOTE
r-release-macos-x86_64 0.0.4 73.00 NOTE
r-release-windows-x86_64 0.0.4 167.00 136.00 303.00 OK
r-oldrel-macos-arm64 0.0.4 43.00 NOTE
r-oldrel-macos-x86_64 0.0.4 79.00 NOTE
r-oldrel-windows-ix86+x86_64 0.0.4 25.00 126.00 151.00 OK

Check Details

Version: 0.0.4
Check: dependencies in R code
Result: NOTE
    Namespace in Imports field not imported from: ‘methods’
     All declared Imports should be used.
Flavors: r-devel-linux-x86_64-fedora-clang, r-devel-linux-x86_64-fedora-gcc, r-release-macos-arm64, r-release-macos-x86_64, r-oldrel-macos-arm64, r-oldrel-macos-x86_64