Last updated on 2022-05-29 00:50:36 CEST.
Flavor | Version | Tinstall | Tcheck | Ttotal | Status | Flags |
---|---|---|---|---|---|---|
r-devel-linux-x86_64-debian-clang | 1.9.18 | 11.80 | 86.52 | 98.32 | NOTE | |
r-devel-linux-x86_64-debian-gcc | 1.9.18 | 9.15 | 62.01 | 71.16 | NOTE | |
r-devel-linux-x86_64-fedora-clang | 1.9.18 | 113.81 | NOTE | |||
r-devel-linux-x86_64-fedora-gcc | 1.9.18 | 101.88 | NOTE | |||
r-devel-windows-x86_64 | 1.9.18 | 113.00 | 102.00 | 215.00 | NOTE | |
r-patched-linux-x86_64 | 1.9.18 | 9.70 | 80.79 | 90.49 | NOTE | |
r-release-linux-x86_64 | 1.9.18 | 10.49 | 83.45 | 93.94 | NOTE | |
r-release-macos-arm64 | 1.9.18 | 33.00 | NOTE | |||
r-release-macos-x86_64 | 1.9.18 | 51.00 | NOTE | |||
r-release-windows-x86_64 | 1.9.18 | 102.00 | 107.00 | 209.00 | NOTE | |
r-oldrel-macos-arm64 | 1.9.18 | 35.00 | NOTE | |||
r-oldrel-macos-x86_64 | 1.9.18 | 66.00 | NOTE | |||
r-oldrel-windows-ix86+x86_64 | 1.9.18 | 40.00 | 156.00 | 196.00 | NOTE |
Version: 1.9.18
Check: LazyData
Result: NOTE
'LazyData' is specified without a 'data' directory
Flavors: r-devel-linux-x86_64-debian-clang, r-devel-linux-x86_64-debian-gcc, r-devel-linux-x86_64-fedora-clang, r-devel-linux-x86_64-fedora-gcc, r-devel-windows-x86_64, r-patched-linux-x86_64, r-release-linux-x86_64, r-release-macos-arm64, r-release-macos-x86_64, r-release-windows-x86_64, r-oldrel-macos-arm64, r-oldrel-macos-x86_64, r-oldrel-windows-ix86+x86_64