CRAN Package Check Results for Package sophisthse

Last updated on 2018-05-23 20:48:54 CEST.

Flavor Version Tinstall Tcheck Ttotal Status Flags
r-devel-linux-x86_64-debian-clang 0.7.0 1.15 28.37 29.52 OK
r-devel-linux-x86_64-debian-gcc 0.7.0 0.29 1.46 1.75 ERROR
r-devel-linux-x86_64-fedora-clang 0.7.0 35.83 NOTE
r-devel-linux-x86_64-fedora-gcc 0.7.0 34.15 NOTE
r-devel-windows-ix86+x86_64 0.7.0 4.00 62.00 66.00 OK
r-patched-linux-x86_64 0.7.0 1.27 26.81 28.08 OK
r-patched-solaris-x86 0.7.0 53.70 NOTE
r-release-linux-x86_64 0.7.0 1.27 26.57 27.84 OK
r-release-windows-ix86+x86_64 0.7.0 3.00 60.00 63.00 OK
r-release-osx-x86_64 0.7.0 NOTE
r-oldrel-windows-ix86+x86_64 0.7.0 3.00 68.00 71.00 OK
r-oldrel-osx-x86_64 0.7.0 NOTE

Check Details

Version: 0.7.0
Check: package dependencies
Result: ERROR
    Package required but not available: ‘dplyr’
    
    Package suggested but not available for checking: ‘forecast’
    
    See section ‘The DESCRIPTION file’ in the ‘Writing R Extensions’
    manual.
Flavor: r-devel-linux-x86_64-debian-gcc

Version: 0.7.0
Check: data for non-ASCII characters
Result: NOTE
     Note: found 1320 marked UTF-8 strings
Flavors: r-devel-linux-x86_64-fedora-clang, r-devel-linux-x86_64-fedora-gcc, r-patched-solaris-x86, r-release-osx-x86_64, r-oldrel-osx-x86_64