CRAN Package Check Results for Package sophisthse

Last updated on 2018-08-22 06:47:05 CEST.

Flavor Version Tinstall Tcheck Ttotal Status Flags
r-devel-linux-x86_64-debian-clang 0.7.0 1.20 29.51 30.71 OK
r-devel-linux-x86_64-debian-gcc 0.7.0 1.09 23.83 24.92 OK
r-devel-linux-x86_64-fedora-clang 0.7.0 36.77 NOTE
r-devel-linux-x86_64-fedora-gcc 0.7.0 36.38 NOTE
r-devel-windows-ix86+x86_64 0.7.0 3.00 47.00 50.00 OK
r-patched-linux-x86_64 0.7.0 1.20 26.37 27.57 OK
r-patched-solaris-x86 0.7.0 56.00 NOTE
r-release-linux-x86_64 0.7.0 1.20 27.01 28.21 OK
r-release-windows-ix86+x86_64 0.7.0 5.00 63.00 68.00 OK
r-release-osx-x86_64 0.7.0 NOTE
r-oldrel-windows-ix86+x86_64 0.7.0 4.00 70.00 74.00 OK
r-oldrel-osx-x86_64 0.7.0 NOTE

Check Details

Version: 0.7.0
Check: data for non-ASCII characters
Result: NOTE
     Note: found 1320 marked UTF-8 strings
Flavors: r-devel-linux-x86_64-fedora-clang, r-devel-linux-x86_64-fedora-gcc, r-patched-solaris-x86, r-release-osx-x86_64, r-oldrel-osx-x86_64