CRAN Package Check Results for Package sophisthse

Last updated on 2019-02-16 19:47:45 CET.

Flavor Version Tinstall Tcheck Ttotal Status Flags
r-devel-linux-x86_64-debian-clang 0.7.0 1.50 28.17 29.67 OK
r-devel-linux-x86_64-debian-gcc 0.7.0 1.23 22.76 23.99 OK
r-devel-linux-x86_64-fedora-clang 0.7.0 37.94 NOTE
r-devel-linux-x86_64-fedora-gcc 0.7.0 34.19 NOTE
r-devel-windows-ix86+x86_64 0.7.0 4.00 64.00 68.00 OK
r-patched-linux-x86_64 0.7.0 1.26 26.51 27.77 OK
r-patched-solaris-x86 0.7.0 53.20 NOTE
r-release-linux-x86_64 0.7.0 OK
r-release-windows-ix86+x86_64 0.7.0 3.00 70.00 73.00 OK
r-release-osx-x86_64 0.7.0 NOTE
r-oldrel-windows-ix86+x86_64 0.7.0 6.00 73.00 79.00 OK
r-oldrel-osx-x86_64 0.7.0 NOTE

Check Details

Version: 0.7.0
Check: data for non-ASCII characters
Result: NOTE
     Note: found 1320 marked UTF-8 strings
Flavors: r-devel-linux-x86_64-fedora-clang, r-devel-linux-x86_64-fedora-gcc, r-patched-solaris-x86, r-release-osx-x86_64, r-oldrel-osx-x86_64