CRAN Package Check Results for Package sophisthse

Last updated on 2018-11-20 19:48:01 CET.

Flavor Version Tinstall Tcheck Ttotal Status Flags
r-devel-linux-x86_64-debian-clang 0.7.0 1.34 28.09 29.43 OK
r-devel-linux-x86_64-debian-gcc 0.7.0 1.11 22.19 23.30 OK
r-devel-linux-x86_64-fedora-clang 0.7.0 34.93 NOTE
r-devel-linux-x86_64-fedora-gcc 0.7.0 34.19 NOTE
r-devel-windows-ix86+x86_64 0.7.0 4.00 61.00 65.00 OK
r-patched-linux-x86_64 0.7.0 1.15 26.94 28.09 OK
r-patched-solaris-x86 0.7.0 56.50 NOTE
r-release-linux-x86_64 0.7.0 1.21 26.62 27.83 OK
r-release-windows-ix86+x86_64 0.7.0 3.00 64.00 67.00 OK
r-release-osx-x86_64 0.7.0 NOTE
r-oldrel-windows-ix86+x86_64 0.7.0 3.00 73.00 76.00 OK
r-oldrel-osx-x86_64 0.7.0 NOTE

Check Details

Version: 0.7.0
Check: data for non-ASCII characters
Result: NOTE
     Note: found 1320 marked UTF-8 strings
Flavors: r-devel-linux-x86_64-fedora-clang, r-devel-linux-x86_64-fedora-gcc, r-patched-solaris-x86, r-release-osx-x86_64, r-oldrel-osx-x86_64