CRAN Package Check Results for Package soptdmaeA

Last updated on 2019-02-21 07:48:54 CET.

Flavor Version Tinstall Tcheck Ttotal Status Flags
r-devel-linux-x86_64-debian-clang 1.0.0 7.52 61.20 68.72 OK
r-devel-linux-x86_64-debian-gcc 1.0.0 5.60 48.16 53.76 OK
r-devel-linux-x86_64-fedora-clang 1.0.0 87.24 OK
r-devel-linux-x86_64-fedora-gcc 1.0.0 81.00 OK
r-devel-windows-ix86+x86_64 1.0.0 13.00 61.00 74.00 OK
r-patched-linux-x86_64 1.0.0 NOTE
r-patched-solaris-x86 1.0.0 120.60 OK
r-release-linux-x86_64 1.0.0 NOTE
r-release-windows-ix86+x86_64 1.0.0 8.00 98.00 106.00 OK
r-release-osx-x86_64 1.0.0 OK
r-oldrel-windows-ix86+x86_64 1.0.0 9.00 91.00 100.00 OK
r-oldrel-osx-x86_64 1.0.0 OK

Check Details

Version: 1.0.0
Check: DESCRIPTION meta-information
Result: NOTE
    Dependence on R version ‘3.3.2’ not with patchlevel 0
Flavors: r-patched-linux-x86_64, r-release-linux-x86_64