CRAN Package Check Results for Package soptdmaeA

Last updated on 2018-05-24 04:49:58 CEST.

Flavor Version Tinstall Tcheck Ttotal Status Flags
r-devel-linux-x86_64-debian-clang 1.0.0 6.00 57.15 63.15 OK
r-devel-linux-x86_64-debian-gcc 1.0.0 4.97 51.13 56.10 OK
r-devel-linux-x86_64-fedora-clang 1.0.0 87.17 OK
r-devel-linux-x86_64-fedora-gcc 1.0.0 83.02 OK
r-devel-windows-ix86+x86_64 1.0.0 11.00 110.00 121.00 OK
r-patched-linux-x86_64 1.0.0 4.09 56.28 60.37 NOTE
r-patched-solaris-x86 1.0.0 127.50 OK
r-release-linux-x86_64 1.0.0 6.25 54.99 61.24 NOTE
r-release-windows-ix86+x86_64 1.0.0 14.00 71.00 85.00 OK
r-release-osx-x86_64 1.0.0 OK
r-oldrel-windows-ix86+x86_64 1.0.0 13.00 69.00 82.00 OK
r-oldrel-osx-x86_64 1.0.0 OK

Check Details

Version: 1.0.0
Check: DESCRIPTION meta-information
Result: NOTE
    Dependence on R version ‘3.3.2’ not with patchlevel 0
Flavors: r-patched-linux-x86_64, r-release-linux-x86_64