CRAN Package Check Results for Package soptdmaeA

Last updated on 2018-02-21 20:47:38 CET.

Flavor Version Tinstall Tcheck Ttotal Status Flags
r-devel-linux-x86_64-debian-clang 1.0.0 5.05 57.00 62.05 NOTE
r-devel-linux-x86_64-debian-gcc 1.0.0 4.92 45.23 50.15 NOTE
r-devel-linux-x86_64-fedora-clang 1.0.0 81.89 NOTE
r-devel-linux-x86_64-fedora-gcc 1.0.0 73.39 NOTE
r-devel-windows-ix86+x86_64 1.0.0 10.00 64.00 74.00 OK
r-patched-linux-x86_64 1.0.0 3.46 55.68 59.14 OK
r-patched-solaris-x86 1.0.0 120.90 OK
r-release-linux-x86_64 1.0.0 3.69 55.52 59.21 OK
r-release-windows-ix86+x86_64 1.0.0 11.00 80.00 91.00 OK
r-release-osx-x86_64 1.0.0 OK
r-oldrel-windows-ix86+x86_64 1.0.0 7.00 84.00 91.00 OK
r-oldrel-osx-x86_64 1.0.0 OK

Check Details

Version: 1.0.0
Check: DESCRIPTION meta-information
Result: NOTE
    Dependence on R version ‘3.3.2’ not with patchlevel 0
Flavors: r-devel-linux-x86_64-debian-clang, r-devel-linux-x86_64-debian-gcc, r-devel-linux-x86_64-fedora-clang, r-devel-linux-x86_64-fedora-gcc