CRAN Package Check Results for Package soptdmaeA

Last updated on 2018-08-20 07:47:59 CEST.

Flavor Version Tinstall Tcheck Ttotal Status Flags
r-devel-linux-x86_64-debian-clang 1.0.0 7.36 65.63 72.99 OK
r-devel-linux-x86_64-debian-gcc 1.0.0 4.64 53.10 57.74 OK
r-devel-linux-x86_64-fedora-clang 1.0.0 87.25 OK
r-devel-linux-x86_64-fedora-gcc 1.0.0 86.80 OK
r-devel-windows-ix86+x86_64 1.0.0 13.00 104.00 117.00 OK
r-patched-linux-x86_64 1.0.0 5.24 56.39 61.63 NOTE
r-patched-solaris-x86 1.0.0 132.30 OK
r-release-linux-x86_64 1.0.0 5.72 56.64 62.36 NOTE
r-release-windows-ix86+x86_64 1.0.0 12.00 66.00 78.00 OK
r-release-osx-x86_64 1.0.0 OK
r-oldrel-windows-ix86+x86_64 1.0.0 8.00 86.00 94.00 OK
r-oldrel-osx-x86_64 1.0.0 OK

Check Details

Version: 1.0.0
Check: DESCRIPTION meta-information
Result: NOTE
    Dependence on R version ‘3.3.2’ not with patchlevel 0
Flavors: r-patched-linux-x86_64, r-release-linux-x86_64