CRAN Package Check Results for Package soptdmaeA

Last updated on 2018-11-21 13:48:44 CET.

Flavor Version Tinstall Tcheck Ttotal Status Flags
r-devel-linux-x86_64-debian-clang 1.0.0 5.43 58.10 63.53 OK
r-devel-linux-x86_64-debian-gcc 1.0.0 5.40 47.34 52.74 OK
r-devel-linux-x86_64-fedora-clang 1.0.0 76.36 OK
r-devel-linux-x86_64-fedora-gcc 1.0.0 72.56 OK
r-devel-windows-ix86+x86_64 1.0.0 12.00 72.00 84.00 OK
r-patched-linux-x86_64 1.0.0 4.72 56.63 61.35 NOTE
r-patched-solaris-x86 1.0.0 130.80 OK
r-release-linux-x86_64 1.0.0 4.63 55.93 60.56 NOTE
r-release-windows-ix86+x86_64 1.0.0 9.00 92.00 101.00 OK
r-release-osx-x86_64 1.0.0 OK
r-oldrel-windows-ix86+x86_64 1.0.0 12.00 92.00 104.00 OK
r-oldrel-osx-x86_64 1.0.0 OK

Check Details

Version: 1.0.0
Check: DESCRIPTION meta-information
Result: NOTE
    Dependence on R version ‘3.3.2’ not with patchlevel 0
Flavors: r-patched-linux-x86_64, r-release-linux-x86_64