Last updated on 2022-05-26 18:49:14 CEST.
Flavor | Version | Tinstall | Tcheck | Ttotal | Status | Flags |
---|---|---|---|---|---|---|
r-devel-linux-x86_64-debian-clang | 0.9.2 | 39.66 | 42.66 | 82.32 | WARN | |
r-devel-linux-x86_64-debian-gcc | 0.9.2 | 31.13 | 36.81 | 67.94 | OK | |
r-devel-linux-x86_64-fedora-clang | 0.9.2 | 113.15 | WARN | |||
r-devel-linux-x86_64-fedora-gcc | 0.9.2 | 94.51 | OK | |||
r-devel-windows-x86_64 | 0.9.2 | 48.00 | 92.00 | 140.00 | OK | |
r-patched-linux-x86_64 | 0.9.2 | 35.12 | 41.19 | 76.31 | OK | |
r-release-linux-x86_64 | 0.9.2 | 36.57 | 41.42 | 77.99 | OK | |
r-release-macos-arm64 | 0.9.2 | 32.00 | OK | |||
r-release-macos-x86_64 | 0.9.2 | 41.00 | OK | |||
r-release-windows-x86_64 | 0.9.2 | 47.00 | 89.00 | 136.00 | OK | |
r-oldrel-macos-arm64 | 0.9.2 | 36.00 | OK | |||
r-oldrel-macos-x86_64 | 0.9.2 | 43.00 | OK | |||
r-oldrel-windows-ix86+x86_64 | 0.9.2 | 95.00 | 78.00 | 173.00 | OK |
Version: 0.9.2
Check: whether package can be installed
Result: WARN
Found the following significant warnings:
sorcering.cpp:247:29: warning: use of bitwise '|' with boolean operands [-Wbitwise-instead-of-logical]
sorcering.cpp:251:34: warning: use of bitwise '|' with boolean operands [-Wbitwise-instead-of-logical]
sorcering.cpp:255:34: warning: use of bitwise '&' with boolean operands [-Wbitwise-instead-of-logical]
Flavors: r-devel-linux-x86_64-debian-clang, r-devel-linux-x86_64-fedora-clang