CRAN Package Check Results for Package soundgen

Last updated on 2021-07-31 03:52:19 CEST.

Flavor Version Tinstall Tcheck Ttotal Status Flags
r-devel-linux-x86_64-debian-clang 2.1.0 OK
r-devel-linux-x86_64-debian-gcc 2.1.0 17.01 260.49 277.50 OK
r-devel-linux-x86_64-fedora-clang 2.1.0 471.57 NOTE
r-devel-linux-x86_64-fedora-gcc 2.1.0 453.44 OK
r-devel-windows-x86_64 2.1.0 21.00 461.00 482.00 NOTE
r-devel-windows-x86_64-gcc10-UCRT 2.1.0 OK
r-patched-linux-x86_64 2.1.0 OK
r-patched-solaris-x86 2.1.0 689.30 NOTE
r-release-linux-x86_64 2.1.0 18.32 352.76 371.08 OK
r-release-macos-arm64 2.1.0 NOTE
r-release-macos-x86_64 2.1.0 NOTE
r-release-windows-ix86+x86_64 2.1.0 34.00 449.00 483.00 NOTE
r-oldrel-macos-x86_64 2.1.0 NOTE
r-oldrel-windows-ix86+x86_64 2.1.0 25.00 449.00 474.00 NOTE

Check Details

Version: 2.1.0
Check: installed package size
Result: NOTE
     installed size is 7.1Mb
     sub-directories of 1Mb or more:
     doc 4.9Mb
Flavors: r-devel-linux-x86_64-fedora-clang, r-devel-windows-x86_64, r-patched-solaris-x86, r-release-macos-arm64, r-release-macos-x86_64, r-release-windows-ix86+x86_64, r-oldrel-macos-x86_64, r-oldrel-windows-ix86+x86_64