CRAN Package Check Results for Package sourceR

Last updated on 2019-04-23 02:47:28 CEST.

Flavor Version Tinstall Tcheck Ttotal Status Flags
r-devel-linux-x86_64-debian-clang 1.0.1 17.44 74.04 91.48 OK
r-devel-linux-x86_64-debian-gcc 1.0.1 18.59 56.23 74.82 OK
r-devel-linux-x86_64-fedora-clang 1.0.1 117.13 NOTE
r-devel-linux-x86_64-fedora-gcc 1.0.1 108.19 NOTE
r-devel-windows-ix86+x86_64 1.0.1 36.00 89.00 125.00 OK
r-patched-linux-x86_64 1.0.1 17.12 71.56 88.68 OK
r-patched-solaris-x86 1.0.1 146.30 NOTE
r-release-linux-x86_64 1.0.1 13.86 69.58 83.44 OK
r-release-windows-ix86+x86_64 1.0.1 21.00 130.00 151.00 OK
r-release-osx-x86_64 1.0.1 NOTE
r-oldrel-windows-ix86+x86_64 1.0.1 13.00 119.00 132.00 OK
r-oldrel-osx-x86_64 1.0.1 NOTE

Check Details

Version: 1.0.1
Check: dependencies in R code
Result: NOTE
    Namespaces in Imports field not imported from:
     ‘gtools’ ‘hashmap’ ‘reshape2’
     All declared Imports should be used.
Flavors: r-devel-linux-x86_64-fedora-clang, r-devel-linux-x86_64-fedora-gcc, r-patched-solaris-x86, r-release-osx-x86_64, r-oldrel-osx-x86_64