CRAN Package Check Results for Package sourceR

Last updated on 2019-02-23 15:53:04 CET.

Flavor Version Tinstall Tcheck Ttotal Status Flags
r-devel-linux-x86_64-debian-clang 1.0.1 20.67 76.05 96.72 OK
r-devel-linux-x86_64-debian-gcc 1.0.1 14.43 55.02 69.45 OK
r-devel-linux-x86_64-fedora-clang 1.0.1 119.40 NOTE
r-devel-linux-x86_64-fedora-gcc 1.0.1 107.83 NOTE
r-devel-windows-ix86+x86_64 1.0.1 31.00 132.00 163.00 OK
r-patched-linux-x86_64 1.0.1 15.32 69.83 85.15 OK
r-patched-solaris-x86 1.0.1 144.70 NOTE
r-release-linux-x86_64 1.0.1 16.00 68.10 84.10 OK
r-release-windows-ix86+x86_64 1.0.1 33.00 118.00 151.00 OK
r-release-osx-x86_64 1.0.1 NOTE
r-oldrel-windows-ix86+x86_64 1.0.1 6.00 101.00 107.00 OK
r-oldrel-osx-x86_64 1.0.1 NOTE

Check Details

Version: 1.0.1
Check: dependencies in R code
Result: NOTE
    Namespaces in Imports field not imported from:
     ‘gtools’ ‘hashmap’ ‘reshape2’
     All declared Imports should be used.
Flavors: r-devel-linux-x86_64-fedora-clang, r-devel-linux-x86_64-fedora-gcc, r-patched-solaris-x86, r-release-osx-x86_64, r-oldrel-osx-x86_64