CRAN Package Check Results for Package spAddins

Last updated on 2023-12-03 12:48:40 CET.

Flavor Version Tinstall Tcheck Ttotal Status Flags
r-devel-linux-x86_64-debian-clang 0.2.0 2.36 26.33 28.69 NOTE
r-devel-linux-x86_64-debian-gcc 0.2.0 1.93 21.03 22.96 NOTE
r-devel-linux-x86_64-fedora-clang 0.2.0 37.03 NOTE
r-devel-linux-x86_64-fedora-gcc 0.2.0 46.50 NOTE
r-devel-windows-x86_64 0.2.0 3.00 46.00 49.00 NOTE
r-patched-linux-x86_64 0.2.0 2.99 25.91 28.90 NOTE
r-release-linux-x86_64 0.2.0 2.21 25.70 27.91 NOTE
r-release-macos-arm64 0.2.0 23.00 NOTE
r-release-macos-x86_64 0.2.0 31.00 NOTE
r-release-windows-x86_64 0.2.0 5.00 45.00 50.00 NOTE
r-oldrel-macos-arm64 0.2.0 17.00 NOTE
r-oldrel-macos-x86_64 0.2.0 25.00 NOTE
r-oldrel-windows-x86_64 0.2.0 3.00 46.00 49.00 NOTE

Check Details

Version: 0.2.0
Check: LazyData
Result: NOTE 'LazyData' is specified without a 'data' directory Flavors: r-devel-linux-x86_64-debian-clang, r-devel-linux-x86_64-debian-gcc, r-devel-linux-x86_64-fedora-clang, r-devel-linux-x86_64-fedora-gcc, r-devel-windows-x86_64, r-patched-linux-x86_64, r-release-linux-x86_64, r-release-macos-arm64, r-release-macos-x86_64, r-release-windows-x86_64, r-oldrel-macos-arm64, r-oldrel-macos-x86_64, r-oldrel-windows-x86_64

Version: 0.2.0
Check: Rd cross-references
Result: NOTE Undeclared package ‘rebus.base’ in Rd xrefs Flavor: r-devel-linux-x86_64-fedora-clang