CRAN Package Check Results for Package spAddins

Last updated on 2022-11-29 04:52:41 CET.

Flavor Version Tinstall Tcheck Ttotal Status Flags
r-devel-linux-x86_64-debian-clang 0.2.0 2.61 26.72 29.33 NOTE
r-devel-linux-x86_64-debian-gcc 0.2.0 1.82 21.42 23.24 NOTE
r-devel-linux-x86_64-fedora-clang 0.2.0 47.84 NOTE
r-devel-linux-x86_64-fedora-gcc 0.2.0 46.72 NOTE
r-devel-windows-x86_64 0.2.0 23.00 70.00 93.00 NOTE
r-patched-linux-x86_64 0.2.0 2.91 25.82 28.73 NOTE
r-release-linux-x86_64 0.2.0 2.48 25.68 28.16 NOTE
r-release-macos-arm64 0.2.0 17.00 NOTE
r-release-macos-x86_64 0.2.0 25.00 NOTE
r-release-windows-x86_64 0.2.0 21.00 57.00 78.00 NOTE
r-oldrel-macos-arm64 0.2.0 20.00 NOTE
r-oldrel-macos-x86_64 0.2.0 30.00 NOTE
r-oldrel-windows-ix86+x86_64 0.2.0 6.00 48.00 54.00 NOTE

Check Details

Version: 0.2.0
Check: LazyData
Result: NOTE
     'LazyData' is specified without a 'data' directory
Flavors: r-devel-linux-x86_64-debian-clang, r-devel-linux-x86_64-debian-gcc, r-devel-linux-x86_64-fedora-clang, r-devel-linux-x86_64-fedora-gcc, r-devel-windows-x86_64, r-patched-linux-x86_64, r-release-linux-x86_64, r-release-macos-arm64, r-release-macos-x86_64, r-release-windows-x86_64, r-oldrel-macos-arm64, r-oldrel-macos-x86_64, r-oldrel-windows-ix86+x86_64

Version: 0.2.0
Check: Rd cross-references
Result: NOTE
    Undeclared package ‘rebus.base’ in Rd xrefs
Flavor: r-devel-linux-x86_64-fedora-clang