Last updated on 2021-01-22 03:50:51 CET.
Flavor | Version | Tinstall | Tcheck | Ttotal | Status | Flags |
---|---|---|---|---|---|---|
r-devel-linux-x86_64-debian-clang | 1.0 | 253.52 | 82.82 | 336.34 | OK | |
r-devel-linux-x86_64-debian-gcc | 1.0 | 165.43 | 63.49 | 228.92 | OK | |
r-devel-linux-x86_64-fedora-clang | 1.0 | 460.19 | NOTE | |||
r-devel-linux-x86_64-fedora-gcc | 1.0 | 414.17 | OK | |||
r-devel-windows-ix86+x86_64 | 1.0 | 563.00 | 113.00 | 676.00 | NOTE | |
r-patched-linux-x86_64 | 1.0 | 192.59 | 77.47 | 270.06 | OK | |
r-patched-solaris-x86 | 1.0 | 377.40 | NOTE | |||
r-release-linux-x86_64 | 1.0 | 193.60 | 77.10 | 270.70 | OK | |
r-release-macos-x86_64 | 1.0 | NOTE | ||||
r-release-windows-ix86+x86_64 | 1.0 | 414.00 | 139.00 | 553.00 | NOTE | |
r-oldrel-macos-x86_64 | 1.0 | NOTE | ||||
r-oldrel-windows-ix86+x86_64 | 1.0 | 386.00 | 100.00 | 486.00 | NOTE |
Version: 1.0
Check: installed package size
Result: NOTE
installed size is 17.3Mb
sub-directories of 1Mb or more:
data 5.6Mb
libs 11.1Mb
Flavors: r-devel-linux-x86_64-fedora-clang, r-devel-windows-ix86+x86_64, r-patched-solaris-x86, r-release-macos-x86_64, r-release-windows-ix86+x86_64, r-oldrel-macos-x86_64, r-oldrel-windows-ix86+x86_64