Last updated on 2022-07-05 00:52:26 CEST.
Flavor | Version | Tinstall | Tcheck | Ttotal | Status | Flags |
---|---|---|---|---|---|---|
r-devel-linux-x86_64-debian-clang | 1.2 | 235.20 | 296.51 | 531.71 | OK | |
r-devel-linux-x86_64-debian-gcc | 1.2 | 200.40 | 223.52 | 423.92 | OK | |
r-devel-linux-x86_64-fedora-clang | 1.2 | 766.78 | NOTE | |||
r-devel-linux-x86_64-fedora-gcc | 1.2 | 710.77 | OK | |||
r-devel-windows-x86_64 | 1.2 | 184.00 | 400.00 | 584.00 | OK | |
r-patched-linux-x86_64 | 1.2 | 217.50 | 246.11 | 463.61 | OK | |
r-release-linux-x86_64 | 1.2 | 210.54 | 253.97 | 464.51 | OK | |
r-release-macos-arm64 | 1.2 | 218.00 | NOTE | |||
r-release-macos-x86_64 | 1.2 | 232.00 | NOTE | |||
r-release-windows-x86_64 | 1.2 | 192.00 | 349.00 | 541.00 | OK | |
r-oldrel-macos-arm64 | 1.2 | 244.00 | NOTE | |||
r-oldrel-macos-x86_64 | 1.2 | 351.00 | NOTE | |||
r-oldrel-windows-ix86+x86_64 | 1.2 | 634.00 | 482.00 | 1116.00 | OK |
Version: 1.2
Check: installed package size
Result: NOTE
installed size is 7.1Mb
sub-directories of 1Mb or more:
libs 6.4Mb
Flavors: r-devel-linux-x86_64-fedora-clang, r-release-macos-arm64, r-release-macos-x86_64, r-oldrel-macos-arm64, r-oldrel-macos-x86_64