CRAN Package Check Results for Package spData

Last updated on 2019-09-19 13:46:23 CEST.

Flavor Version Tinstall Tcheck Ttotal Status Flags
r-devel-linux-x86_64-debian-clang 0.3.0 3.78 35.56 39.34 NOTE
r-devel-linux-x86_64-debian-gcc 0.3.0 2.98 28.87 31.85 NOTE
r-devel-linux-x86_64-fedora-clang 0.3.0 49.32 NOTE
r-devel-linux-x86_64-fedora-gcc 0.3.0 47.85 NOTE
r-devel-windows-ix86+x86_64 0.3.0 16.00 76.00 92.00 NOTE
r-patched-linux-x86_64 0.3.0 3.86 35.29 39.15 NOTE
r-patched-solaris-x86 0.3.0 74.00 NOTE
r-release-linux-x86_64 0.3.0 3.70 35.21 38.91 NOTE
r-release-windows-ix86+x86_64 0.3.0 8.00 81.00 89.00 NOTE
r-release-osx-x86_64 0.3.0 ERROR
r-oldrel-windows-ix86+x86_64 0.3.0 7.00 51.00 58.00 NOTE
r-oldrel-osx-x86_64 0.3.0 NOTE

Check Details

Version: 0.3.0
Check: package dependencies
Result: NOTE
    Package suggested but not available for checking: 'spDataLarge'
Flavors: r-devel-linux-x86_64-debian-clang, r-devel-linux-x86_64-debian-gcc, r-devel-linux-x86_64-fedora-clang, r-devel-linux-x86_64-fedora-gcc, r-devel-windows-ix86+x86_64, r-patched-linux-x86_64, r-patched-solaris-x86, r-release-linux-x86_64, r-release-windows-ix86+x86_64, r-release-osx-x86_64, r-oldrel-windows-ix86+x86_64, r-oldrel-osx-x86_64

Version: 0.3.0
Check: installed package size
Result: NOTE
     installed size is 6.5Mb
     sub-directories of 1Mb or more:
     data 2.6Mb
     shapes 3.2Mb
Flavors: r-devel-linux-x86_64-fedora-clang, r-devel-windows-ix86+x86_64, r-patched-solaris-x86, r-release-windows-ix86+x86_64, r-release-osx-x86_64, r-oldrel-windows-ix86+x86_64, r-oldrel-osx-x86_64

Version: 0.3.0
Check: data for non-ASCII characters
Result: NOTE
     Note: found 285 marked UTF-8 strings
Flavors: r-devel-linux-x86_64-fedora-clang, r-devel-linux-x86_64-fedora-gcc, r-patched-solaris-x86, r-release-osx-x86_64, r-oldrel-osx-x86_64

Version: 0.3.0
Check: examples
Result: ERROR
    Running examples in ‘spData-Ex.R’ failed
    The error most likely occurred in:
    
    > ### Name: afcon
    > ### Title: Spatial patterns of conflict in Africa 1966-78
    > ### Aliases: afcon africa.rook.nb afxy paper.nb
    > ### Keywords: datasets spdep
    >
    > ### ** Examples
    >
    > data(afcon)
    > if (!requireNamespace("spdep", quietly = TRUE)) {
    + library(spdep)
    + plot(africa.rook.nb, afxy)
    + plot(diffnb(paper.nb, africa.rook.nb), afxy, col="red", add=TRUE)
    + text(afxy, labels=attr(africa.rook.nb, "region.id"), pos=4, offset=0.4)
    + moran.test(afcon$totcon, nb2listw(africa.rook.nb))
    + moran.test(afcon$totcon, nb2listw(paper.nb))
    + geary.test(afcon$totcon, nb2listw(paper.nb))
    + }
    Loading required package: sp
    Loading required package: sf
    Error: package or namespace load failed for ‘sf’ in loadNamespace(j <- i[[1L]], c(lib.loc, .libPaths()), versionCheck = vI[[j]]):
     there is no package called ‘e1071’
    Error: package ‘sf’ could not be loaded
    Execution halted
Flavor: r-release-osx-x86_64