CRAN Package Check Results for Package spData

Last updated on 2020-02-27 17:51:10 CET.

Flavor Version Tinstall Tcheck Ttotal Status Flags
r-devel-linux-x86_64-debian-clang 0.3.3 10.49 88.58 99.07 NOTE
r-devel-linux-x86_64-debian-gcc 0.3.3 8.86 68.94 77.80 NOTE
r-devel-linux-x86_64-fedora-clang 0.3.3 133.47 WARN
r-devel-linux-x86_64-fedora-gcc 0.3.3 122.44 WARN
r-devel-windows-ix86+x86_64 0.3.3 21.00 101.00 122.00 NOTE
r-devel-windows-ix86+x86_64-gcc8 0.3.3 21.00 110.00 131.00 NOTE
r-patched-linux-x86_64 0.3.3 10.60 77.24 87.84 NOTE
r-patched-solaris-x86 0.3.3 169.00 NOTE
r-release-linux-x86_64 0.3.3 9.95 79.26 89.21 NOTE
r-release-windows-ix86+x86_64 0.3.3 17.00 88.00 105.00 NOTE
r-release-osx-x86_64 0.3.3 NOTE
r-oldrel-windows-ix86+x86_64 0.3.3 14.00 82.00 96.00 NOTE
r-oldrel-osx-x86_64 0.3.3 NOTE

Check Details

Version: 0.3.3
Check: package dependencies
Result: NOTE
    Package suggested but not available for checking: 'spDataLarge'
Flavors: r-devel-linux-x86_64-debian-clang, r-devel-linux-x86_64-debian-gcc, r-devel-linux-x86_64-fedora-clang, r-devel-linux-x86_64-fedora-gcc, r-devel-windows-ix86+x86_64, r-devel-windows-ix86+x86_64-gcc8, r-patched-linux-x86_64, r-patched-solaris-x86, r-release-linux-x86_64, r-release-windows-ix86+x86_64, r-release-osx-x86_64, r-oldrel-windows-ix86+x86_64, r-oldrel-osx-x86_64

Version: 0.3.3
Check: whether package can be installed
Result: WARN
    Found the following significant warnings:
     Warning: namespace ‘rgdal’ is not available and has been replaced
Flavors: r-devel-linux-x86_64-fedora-clang, r-devel-linux-x86_64-fedora-gcc

Version: 0.3.3
Check: installed package size
Result: NOTE
     installed size is 6.5Mb
     sub-directories of 1Mb or more:
     data 2.6Mb
     shapes 3.2Mb
Flavors: r-devel-linux-x86_64-fedora-clang, r-devel-windows-ix86+x86_64, r-devel-windows-ix86+x86_64-gcc8, r-patched-solaris-x86, r-release-windows-ix86+x86_64, r-release-osx-x86_64, r-oldrel-windows-ix86+x86_64, r-oldrel-osx-x86_64

Version: 0.3.3
Check: data for non-ASCII characters
Result: WARN
     Warning: namespace 'rgdal' is not available and has been replaced
     by .GlobalEnv when processing object '<unknown>'
     Warning: namespace 'rgdal' is not available and has been replaced
     by .GlobalEnv when processing object '<unknown>'
     Warning: namespace 'rgdal' is not available and has been replaced
     by .GlobalEnv when processing object '<unknown>'
     Warning: namespace 'rgdal' is not available and has been replaced
     by .GlobalEnv when processing object '<unknown>'
     Warning: namespace 'rgdal' is not available and has been replaced
     by .GlobalEnv when processing object '<unknown>'
     Warning: namespace 'rgdal' is not available and has been replaced
     by .GlobalEnv when processing object '<unknown>'
     Warning: namespace 'rgdal' is not available and has been replaced
     by .GlobalEnv when processing object '<unknown>'
     Warning: namespace 'rgdal' is not available and has been replaced
     by .GlobalEnv when processing object '<unknown>'
     Warning: namespace 'rgdal' is not available and has been replaced
     by .GlobalEnv when processing object '<unknown>'
     Warning: namespace 'rgdal' is not available and has been replaced
     by .GlobalEnv when processing object '<unknown>'
     Warning: namespace 'rgdal' is not available and has been replaced
     by .GlobalEnv when processing object '<unknown>'
     Warning: namespace 'rgdal' is not available and has been replaced
     by .GlobalEnv when processing object '<unknown>'
     Warning: namespace 'rgdal' is not available and has been replaced
     by .GlobalEnv when processing object '<unknown>'
     Warning: namespace 'rgdal' is not available and has been replaced
     by .GlobalEnv when processing object '<unknown>'
     Warning: namespace 'rgdal' is not available and has been replaced
     by .GlobalEnv when processing object '<unknown>'
     Warning: namespace 'rgdal' is not available and has been replaced
     by .GlobalEnv when processing object '<unknown>'
     Warning: namespace 'rgdal' is not available and has been replaced
     by .GlobalEnv when processing object '<unknown>'
     Warning: namespace 'rgdal' is not available and has been replaced
     by .GlobalEnv when processing object '<unknown>'
     Warning: namespace 'rgdal' is not available and has been replaced
     by .GlobalEnv when processing object '<unknown>'
     Warning: namespace 'rgdal' is not available and has been replaced
     by .GlobalEnv when processing object '<unknown>'
     Note: found 285 marked UTF-8 strings
Flavors: r-devel-linux-x86_64-fedora-clang, r-devel-linux-x86_64-fedora-gcc

Version: 0.3.3
Check: data for non-ASCII characters
Result: NOTE
     Note: found 285 marked UTF-8 strings
Flavors: r-patched-solaris-x86, r-release-osx-x86_64, r-oldrel-osx-x86_64