CRAN Package Check Results for Package spDates

Last updated on 2022-08-13 07:11:47 CEST.

Flavor Version Tinstall Tcheck Ttotal Status Flags
r-devel-linux-x86_64-debian-clang 1.0 12.98 145.55 158.53 OK
r-devel-linux-x86_64-debian-gcc 1.0 11.21 106.36 117.57 OK
r-devel-linux-x86_64-fedora-clang 1.0 199.21 NOTE
r-devel-linux-x86_64-fedora-gcc 1.0 197.09 NOTE
r-devel-windows-x86_64 1.0 20.00 156.00 176.00 NOTE
r-patched-linux-x86_64 1.0 12.56 138.24 150.80 OK
r-release-linux-x86_64 1.0 11.10 137.06 148.16 OK
r-release-macos-arm64 1.0 52.00 NOTE
r-release-macos-x86_64 1.0 94.00 NOTE
r-release-windows-x86_64 1.0 24.00 162.00 186.00 NOTE
r-oldrel-macos-arm64 1.0 58.00 NOTE
r-oldrel-macos-x86_64 1.0 101.00 NOTE
r-oldrel-windows-ix86+x86_64 1.0 37.00 162.00 199.00 NOTE

Check Details

Version: 1.0
Check: installed package size
Result: NOTE
     installed size is 5.9Mb
     sub-directories of 1Mb or more:
     data 4.3Mb
     help 1.6Mb
Flavors: r-devel-linux-x86_64-fedora-clang, r-devel-windows-x86_64, r-release-macos-arm64, r-release-macos-x86_64, r-release-windows-x86_64, r-oldrel-macos-arm64, r-oldrel-macos-x86_64, r-oldrel-windows-ix86+x86_64

Version: 1.0
Check: data for non-ASCII characters
Result: NOTE
     Note: found 34 marked UTF-8 strings
Flavors: r-devel-linux-x86_64-fedora-clang, r-devel-linux-x86_64-fedora-gcc, r-release-macos-arm64, r-release-macos-x86_64, r-oldrel-macos-arm64, r-oldrel-macos-x86_64