CRAN Package Check Results for Package spNNGP

Last updated on 2021-01-23 19:47:48 CET.

Flavor Version Tinstall Tcheck Ttotal Status Flags
r-devel-linux-x86_64-debian-clang 0.1.4 18.12 42.83 60.95 OK
r-devel-linux-x86_64-debian-gcc 0.1.4 11.24 32.83 44.07 OK
r-devel-linux-x86_64-fedora-clang 0.1.4 88.82 OK
r-devel-linux-x86_64-fedora-gcc 0.1.4 70.55 OK
r-devel-windows-ix86+x86_64 0.1.4 44.00 70.00 114.00 NOTE
r-patched-linux-x86_64 0.1.4 13.39 40.51 53.90 OK
r-patched-solaris-x86 0.1.4 111.00 OK
r-release-linux-x86_64 0.1.4 13.15 40.39 53.54 OK
r-release-macos-x86_64 0.1.4 OK
r-release-windows-ix86+x86_64 0.1.4 37.00 83.00 120.00 NOTE
r-oldrel-macos-x86_64 0.1.4 OK
r-oldrel-windows-ix86+x86_64 0.1.4 32.00 84.00 116.00 OK

Check Details

Version: 0.1.4
Check: installed package size
Result: NOTE
     installed size is 5.4Mb
     sub-directories of 1Mb or more:
     data 3.0Mb
     libs 2.1Mb
Flavors: r-devel-windows-ix86+x86_64, r-release-windows-ix86+x86_64