CRAN Package Check Results for Package spOccupancy

Last updated on 2022-01-19 05:48:41 CET.

Flavor Version Tinstall Tcheck Ttotal Status Flags
r-devel-linux-x86_64-debian-clang 0.2.1 58.11 186.41 244.52 OK
r-devel-linux-x86_64-debian-gcc 0.2.1 51.50 139.84 191.34 OK
r-devel-linux-x86_64-fedora-clang 0.2.1 351.83 OK
r-devel-linux-x86_64-fedora-gcc 0.2.1 297.36 OK
r-devel-windows-x86_64-new-UL 0.2.1 136.00 222.00 358.00 OK
r-devel-windows-x86_64-new-TK 0.2.1 OK
r-patched-linux-x86_64 0.2.1 54.37 184.57 238.94 OK
r-release-linux-x86_64 0.2.1 OK
r-release-macos-arm64 0.2.1 OK
r-release-macos-x86_64 0.2.1 WARN --as-cran
r-release-windows-ix86+x86_64 0.2.1 137.00 294.00 431.00 OK
r-oldrel-macos-x86_64 0.2.0 OK
r-oldrel-windows-ix86+x86_64 0.2.1 142.00 286.00 428.00 OK

Check Details

Version: 0.2.1
Flags: --as-cran
Check: CRAN incoming feasibility
Result: WARN
    Maintainer: ‘Jeffrey Doser <doserjef@msu.edu>’
    
    Insufficient package version (submitted: 0.2.1, existing: 0.2.1)
    
    Days since last update: 1
Flavor: r-release-macos-x86_64

Version: 0.2.1
Flags: --as-cran
Check: top-level files
Result: NOTE
    Files ‘README.md’ or ‘NEWS.md’ cannot be checked without ‘pandoc’ being installed.
Flavor: r-release-macos-x86_64