CRAN Package Check Results for Package spThin

Last updated on 2018-05-20 20:48:13 CEST.

Flavor Version Tinstall Tcheck Ttotal Status Flags
r-devel-linux-x86_64-debian-clang 0.1.0 2.67 63.86 66.53 NOTE
r-devel-linux-x86_64-debian-gcc 0.1.0 2.59 46.29 48.88 NOTE
r-devel-linux-x86_64-fedora-clang 0.1.0 81.76 NOTE
r-devel-linux-x86_64-fedora-gcc 0.1.0 75.42 NOTE
r-devel-windows-ix86+x86_64 0.1.0 8.00 108.00 116.00 NOTE
r-patched-linux-x86_64 0.1.0 2.18 52.76 54.94 NOTE
r-patched-solaris-x86 0.1.0 116.50 NOTE
r-release-linux-x86_64 0.1.0 2.08 50.85 52.93 NOTE
r-release-windows-ix86+x86_64 0.1.0 5.00 66.00 71.00 NOTE
r-release-osx-x86_64 0.1.0 NOTE
r-oldrel-windows-ix86+x86_64 0.1.0 5.00 82.00 87.00 NOTE
r-oldrel-osx-x86_64 0.1.0 NOTE

Check Details

Version: 0.1.0
Check: R code for possible problems
Result: NOTE
    plotThin: no visible global function definition for ‘par’
    plotThin: no visible global function definition for ‘dev.interactive’
    plotThin: no visible global function definition for ‘plot’
    plotThin: no visible global function definition for ‘hist’
    thin: no visible global function definition for ‘write.csv’
    Undefined global functions or variables:
     dev.interactive hist par plot write.csv
    Consider adding
     importFrom("grDevices", "dev.interactive")
     importFrom("graphics", "hist", "par", "plot")
     importFrom("utils", "write.csv")
    to your NAMESPACE file.
Flavors: r-devel-linux-x86_64-debian-clang, r-devel-linux-x86_64-debian-gcc, r-devel-linux-x86_64-fedora-clang, r-devel-linux-x86_64-fedora-gcc, r-devel-windows-ix86+x86_64, r-patched-linux-x86_64, r-patched-solaris-x86, r-release-linux-x86_64, r-release-windows-ix86+x86_64, r-release-osx-x86_64, r-oldrel-windows-ix86+x86_64, r-oldrel-osx-x86_64