CRAN Package Check Results for Package spThin

Last updated on 2018-08-20 01:46:45 CEST.

Flavor Version Tinstall Tcheck Ttotal Status Flags
r-devel-linux-x86_64-debian-clang 0.1.0 2.72 65.34 68.06 NOTE
r-devel-linux-x86_64-debian-gcc 0.1.0 2.23 47.94 50.17 NOTE
r-devel-linux-x86_64-fedora-clang 0.1.0 82.11 NOTE
r-devel-linux-x86_64-fedora-gcc 0.1.0 78.41 NOTE
r-devel-windows-ix86+x86_64 0.1.0 10.00 106.00 116.00 NOTE
r-patched-linux-x86_64 0.1.0 2.37 53.01 55.38 NOTE
r-patched-solaris-x86 0.1.0 125.70 NOTE
r-release-linux-x86_64 0.1.0 2.23 53.08 55.31 NOTE
r-release-windows-ix86+x86_64 0.1.0 6.00 69.00 75.00 NOTE
r-release-osx-x86_64 0.1.0 NOTE
r-oldrel-windows-ix86+x86_64 0.1.0 4.00 108.00 112.00 NOTE
r-oldrel-osx-x86_64 0.1.0 NOTE

Check Details

Version: 0.1.0
Check: R code for possible problems
Result: NOTE
    plotThin: no visible global function definition for ‘par’
    plotThin: no visible global function definition for ‘dev.interactive’
    plotThin: no visible global function definition for ‘plot’
    plotThin: no visible global function definition for ‘hist’
    thin: no visible global function definition for ‘write.csv’
    Undefined global functions or variables:
     dev.interactive hist par plot write.csv
    Consider adding
     importFrom("grDevices", "dev.interactive")
     importFrom("graphics", "hist", "par", "plot")
     importFrom("utils", "write.csv")
    to your NAMESPACE file.
Flavors: r-devel-linux-x86_64-debian-clang, r-devel-linux-x86_64-debian-gcc, r-devel-linux-x86_64-fedora-clang, r-devel-linux-x86_64-fedora-gcc, r-devel-windows-ix86+x86_64, r-patched-linux-x86_64, r-patched-solaris-x86, r-release-linux-x86_64, r-release-windows-ix86+x86_64, r-release-osx-x86_64, r-oldrel-windows-ix86+x86_64, r-oldrel-osx-x86_64