CRAN Package Check Results for Package spThin

Last updated on 2018-02-19 11:49:19 CET.

Flavor Version Tinstall Tcheck Ttotal Status Flags
r-devel-linux-x86_64-debian-clang 0.1.0 2.44 52.46 54.90 NOTE
r-devel-linux-x86_64-debian-gcc 0.1.0 1.89 41.30 43.19 NOTE
r-devel-linux-x86_64-fedora-clang 0.1.0 74.91 NOTE
r-devel-linux-x86_64-fedora-gcc 0.1.0 65.97 NOTE
r-devel-windows-ix86+x86_64 0.1.0 6.00 64.00 70.00 NOTE
r-patched-linux-x86_64 0.1.0 2.44 35.81 38.25 WARN
r-patched-solaris-x86 0.1.0 124.50 NOTE
r-release-linux-x86_64 0.1.0 2.36 35.40 37.76 WARN
r-release-windows-ix86+x86_64 0.1.0 7.00 76.00 83.00 NOTE
r-release-osx-x86_64 0.1.0 NOTE
r-oldrel-windows-ix86+x86_64 0.1.0 6.00 93.00 99.00 NOTE
r-oldrel-osx-x86_64 0.1.0 NOTE

Check Details

Version: 0.1.0
Check: R code for possible problems
Result: NOTE
    plotThin: no visible global function definition for ‘par’
    plotThin: no visible global function definition for ‘dev.interactive’
    plotThin: no visible global function definition for ‘plot’
    plotThin: no visible global function definition for ‘hist’
    thin: no visible global function definition for ‘write.csv’
    Undefined global functions or variables:
     dev.interactive hist par plot write.csv
    Consider adding
     importFrom("grDevices", "dev.interactive")
     importFrom("graphics", "hist", "par", "plot")
     importFrom("utils", "write.csv")
    to your NAMESPACE file.
Flavors: r-devel-linux-x86_64-debian-clang, r-devel-linux-x86_64-debian-gcc, r-devel-linux-x86_64-fedora-clang, r-devel-linux-x86_64-fedora-gcc, r-devel-windows-ix86+x86_64, r-patched-linux-x86_64, r-patched-solaris-x86, r-release-linux-x86_64, r-release-windows-ix86+x86_64, r-release-osx-x86_64, r-oldrel-windows-ix86+x86_64, r-oldrel-osx-x86_64

Version: 0.1.0
Check: re-building of vignette outputs
Result: WARN
    Error in re-building vignettes:
     ...
    Quitting from lines 30-35 (spThin_vignette.Rmd)
    Error: processing vignette ‘spThin_vignette.Rmd’ failed with diagnostics:
    unable to install packages
    Execution halted
Flavors: r-patched-linux-x86_64, r-release-linux-x86_64