CRAN Package Check Results for Package spThin

Last updated on 2018-11-21 13:48:45 CET.

Flavor Version Tinstall Tcheck Ttotal Status Flags
r-devel-linux-x86_64-debian-clang 0.1.0 2.76 59.36 62.12 NOTE
r-devel-linux-x86_64-debian-gcc 0.1.0 2.35 43.58 45.93 NOTE
r-devel-linux-x86_64-fedora-clang 0.1.0 75.77 NOTE
r-devel-linux-x86_64-fedora-gcc 0.1.0 66.57 NOTE
r-devel-windows-ix86+x86_64 0.1.0 8.00 78.00 86.00 NOTE
r-patched-linux-x86_64 0.1.0 2.29 52.10 54.39 NOTE
r-patched-solaris-x86 0.1.0 132.00 NOTE
r-release-linux-x86_64 0.1.0 1.85 53.35 55.20 NOTE
r-release-windows-ix86+x86_64 0.1.0 5.00 87.00 92.00 NOTE
r-release-osx-x86_64 0.1.0 NOTE
r-oldrel-windows-ix86+x86_64 0.1.0 7.00 100.00 107.00 NOTE
r-oldrel-osx-x86_64 0.1.0 NOTE

Check Details

Version: 0.1.0
Check: R code for possible problems
Result: NOTE
    plotThin: no visible global function definition for ‘par’
    plotThin: no visible global function definition for ‘dev.interactive’
    plotThin: no visible global function definition for ‘plot’
    plotThin: no visible global function definition for ‘hist’
    thin: no visible global function definition for ‘write.csv’
    Undefined global functions or variables:
     dev.interactive hist par plot write.csv
    Consider adding
     importFrom("grDevices", "dev.interactive")
     importFrom("graphics", "hist", "par", "plot")
     importFrom("utils", "write.csv")
    to your NAMESPACE file.
Flavors: r-devel-linux-x86_64-debian-clang, r-devel-linux-x86_64-debian-gcc, r-devel-linux-x86_64-fedora-clang, r-devel-linux-x86_64-fedora-gcc, r-devel-windows-ix86+x86_64, r-patched-linux-x86_64, r-patched-solaris-x86, r-release-linux-x86_64, r-release-windows-ix86+x86_64, r-release-osx-x86_64, r-oldrel-windows-ix86+x86_64, r-oldrel-osx-x86_64