CRAN Package Check Results for Package spaMM

Last updated on 2018-08-21 08:49:14 CEST.

Flavor Version Tinstall Tcheck Ttotal Status Flags
r-devel-linux-x86_64-debian-clang 2.4.35 121.98 160.15 282.13 OK
r-devel-linux-x86_64-debian-gcc 2.4.35 129.84 124.88 254.72 OK
r-devel-linux-x86_64-fedora-clang 2.4.35 374.45 NOTE
r-devel-linux-x86_64-fedora-gcc 2.4.35 403.38 OK
r-devel-windows-ix86+x86_64 2.4.35 243.00 248.00 491.00 OK
r-patched-linux-x86_64 2.4.35 146.24 149.06 295.30 OK
r-patched-solaris-x86 2.4.35 396.90 OK
r-release-linux-x86_64 2.4.35 147.38 147.27 294.65 OK
r-release-windows-ix86+x86_64 2.4.35 245.00 233.00 478.00 OK
r-release-osx-x86_64 2.4.35 NOTE
r-oldrel-windows-ix86+x86_64 2.4.35 173.00 160.00 333.00 OK
r-oldrel-osx-x86_64 2.4.35 NOTE

Check Details

Version: 2.4.35
Check: installed package size
Result: NOTE
     installed size is 36.4Mb
     sub-directories of 1Mb or more:
     R 1.0Mb
     libs 34.5Mb
Flavors: r-devel-linux-x86_64-fedora-clang, r-release-osx-x86_64, r-oldrel-osx-x86_64