CRAN Package Check Results for Package spaMM

Last updated on 2019-02-15 20:47:08 CET.

Flavor Version Tinstall Tcheck Ttotal Status Flags
r-devel-linux-x86_64-debian-clang 2.6.1 127.90 170.90 298.80 OK
r-devel-linux-x86_64-debian-gcc 2.6.1 118.55 129.39 247.94 OK
r-devel-linux-x86_64-fedora-clang 2.6.1 401.66 NOTE
r-devel-linux-x86_64-fedora-gcc 2.6.1 387.58 OK
r-devel-windows-ix86+x86_64 2.6.1 255.00 239.00 494.00 OK
r-patched-linux-x86_64 2.6.1 137.34 164.55 301.89 OK
r-patched-solaris-x86 2.6.1 401.90 OK
r-release-linux-x86_64 2.6.1 139.72 163.08 302.80 OK
r-release-windows-ix86+x86_64 2.6.1 177.00 240.00 417.00 OK
r-release-osx-x86_64 2.6.1 NOTE
r-oldrel-windows-ix86+x86_64 2.6.1 255.00 257.00 512.00 OK
r-oldrel-osx-x86_64 2.6.1 NOTE

Check Details

Version: 2.6.1
Check: installed package size
Result: NOTE
     installed size is 31.5Mb
     sub-directories of 1Mb or more:
     R 1.2Mb
     libs 29.4Mb
Flavors: r-devel-linux-x86_64-fedora-clang, r-release-osx-x86_64, r-oldrel-osx-x86_64