CRAN Package Check Results for Package spaMM

Last updated on 2018-05-21 00:50:23 CEST.

Flavor Version Tinstall Tcheck Ttotal Status Flags
r-devel-linux-x86_64-debian-clang 2.4.35 128.65 130.18 258.83 OK
r-devel-linux-x86_64-debian-gcc 2.4.35 112.66 120.45 233.11 OK
r-devel-linux-x86_64-fedora-clang 2.4.35 268.81 NOTE
r-devel-linux-x86_64-fedora-gcc 2.4.35 211.29 NOTE
r-devel-windows-ix86+x86_64 2.4.8 246.00 257.00 503.00 OK
r-patched-linux-x86_64 2.4.8 129.82 146.40 276.22 OK
r-patched-solaris-x86 2.4.35 317.20 OK
r-release-linux-x86_64 2.4.8 139.58 142.41 281.99 OK
r-release-windows-ix86+x86_64 2.4.35 234.00 222.00 456.00 OK
r-release-osx-x86_64 2.4.35 NOTE
r-oldrel-windows-ix86+x86_64 2.4.35 218.00 211.00 429.00 OK
r-oldrel-osx-x86_64 2.4.8 NOTE

Check Details

Version: 2.4.35
Check: installed package size
Result: NOTE
     installed size is 36.3Mb
     sub-directories of 1Mb or more:
     libs 34.4Mb
Flavors: r-devel-linux-x86_64-fedora-clang, r-devel-linux-x86_64-fedora-gcc, r-release-osx-x86_64

Version: 2.4.8
Check: installed package size
Result: NOTE
     installed size is 32.4Mb
     sub-directories of 1Mb or more:
     libs 30.6Mb
Flavor: r-oldrel-osx-x86_64