Last updated on 2023-12-03 07:52:12 CET.
Flavor | Version | Tinstall | Tcheck | Ttotal | Status | Flags |
---|---|---|---|---|---|---|
r-devel-linux-x86_64-debian-clang | 1.2 | 3.86 | 44.38 | 48.24 | NOTE | |
r-devel-linux-x86_64-debian-gcc | 1.2 | 3.48 | 32.73 | 36.21 | NOTE | |
r-devel-linux-x86_64-fedora-clang | 1.2 | 59.88 | OK | |||
r-devel-linux-x86_64-fedora-gcc | 1.2 | 57.09 | OK | |||
r-devel-windows-x86_64 | 1.2 | 5.00 | 53.00 | 58.00 | OK | |
r-patched-linux-x86_64 | 1.2 | 4.38 | 42.70 | 47.08 | OK | |
r-release-linux-x86_64 | 1.2 | 4.35 | 42.68 | 47.03 | OK | |
r-release-macos-arm64 | 1.2 | 23.00 | OK | |||
r-release-macos-x86_64 | 1.2 | 31.00 | OK | |||
r-release-windows-x86_64 | 1.2 | 6.00 | 57.00 | 63.00 | OK | |
r-oldrel-macos-arm64 | 1.2 | 23.00 | OK | |||
r-oldrel-macos-x86_64 | 1.2 | 28.00 | OK | |||
r-oldrel-windows-x86_64 | 1.2 | 6.00 | 61.00 | 67.00 | OK |
Version: 1.2
Check: Rd files
Result: NOTE
checkRd: (-1) heuSearch.Rd:24: Lost braces in \itemize; \value handles \item{}{} directly
checkRd: (-1) heuSearch.Rd:25: Lost braces in \itemize; \value handles \item{}{} directly
checkRd: (-1) heuSearch.Rd:26: Lost braces in \itemize; \value handles \item{}{} directly
checkRd: (-1) multiNet.Rd:124: Lost braces in \itemize; meant \describe ?
checkRd: (-1) multiNet.Rd:125: Lost braces in \itemize; meant \describe ?
checkRd: (-1) multiNet.Rd:126-137: Lost braces in \itemize; meant \describe ?
checkRd: (-1) multiNet.Rd:128: Lost braces in \itemize; meant \describe ?
checkRd: (-1) multiNet.Rd:129-134: Lost braces in \itemize; meant \describe ?
checkRd: (-1) multiNet.Rd:138-147: Lost braces in \itemize; meant \describe ?
checkRd: (-1) multiNet.Rd:142: Lost braces in \itemize; meant \describe ?
checkRd: (-1) multiNet.Rd:143: Lost braces in \itemize; meant \describe ?
checkRd: (-1) multiNet.Rd:144: Lost braces in \itemize; meant \describe ?
checkRd: (-1) multiNet.Rd:152: Lost braces in \itemize; meant \describe ?
checkRd: (-1) multiNet.Rd:153: Lost braces in \itemize; meant \describe ?
checkRd: (-1) multiNet.Rd:154: Lost braces in \itemize; meant \describe ?
checkRd: (-1) multiNet.Rd:67: Lost braces in \itemize; \value handles \item{}{} directly
checkRd: (-1) multiNet.Rd:68: Lost braces in \itemize; \value handles \item{}{} directly
checkRd: (-1) multiNet.Rd:69: Lost braces in \itemize; \value handles \item{}{} directly
checkRd: (-1) multiNet.Rd:70: Lost braces in \itemize; \value handles \item{}{} directly
checkRd: (-1) multiNet.Rd:71: Lost braces in \itemize; \value handles \item{}{} directly
checkRd: (-1) multiNet.Rd:77: Lost braces in \itemize; \value handles \item{}{} directly
checkRd: (-1) multiNet.Rd:78: Lost braces in \itemize; \value handles \item{}{} directly
checkRd: (-1) multiNet.Rd:79: Lost braces in \itemize; \value handles \item{}{} directly
checkRd: (-1) multiNet.Rd:80: Lost braces in \itemize; \value handles \item{}{} directly
checkRd: (-1) multiNet.Rd:81: Lost braces in \itemize; \value handles \item{}{} directly
checkRd: (-1) multiNet.Rd:82: Lost braces in \itemize; \value handles \item{}{} directly
checkRd: (-1) multiNet.Rd:89: Lost braces in \itemize; \value handles \item{}{} directly
checkRd: (-1) multiNet.Rd:90: Lost braces in \itemize; \value handles \item{}{} directly
checkRd: (-1) multiNet.Rd:91: Lost braces in \itemize; \value handles \item{}{} directly
checkRd: (-1) multiNet.Rd:97: Lost braces in \itemize; \value handles \item{}{} directly
checkRd: (-1) multiNet.Rd:98: Lost braces in \itemize; \value handles \item{}{} directly
checkRd: (-1) multiNet.Rd:99: Lost braces in \itemize; \value handles \item{}{} directly
checkRd: (-1) multiNet.Rd:100: Lost braces in \itemize; \value handles \item{}{} directly
checkRd: (-1) multiNet.Rd:101: Lost braces in \itemize; \value handles \item{}{} directly
checkRd: (-1) multiNet.Rd:102: Lost braces in \itemize; \value handles \item{}{} directly
checkRd: (-1) multiNet.Rd:103: Lost braces in \itemize; \value handles \item{}{} directly
Flavors: r-devel-linux-x86_64-debian-clang, r-devel-linux-x86_64-debian-gcc