CRAN Package Check Results for Package spacefillr

Last updated on 2022-11-29 02:55:13 CET.

Flavor Version Tinstall Tcheck Ttotal Status Flags
r-devel-linux-x86_64-debian-clang 0.3.2 33.90 30.59 64.49 OK
r-devel-linux-x86_64-debian-gcc 0.3.2 25.93 24.50 50.43 OK
r-devel-linux-x86_64-fedora-clang 0.3.2 100.71 OK
r-devel-linux-x86_64-fedora-gcc 0.3.2 90.43 OK
r-devel-windows-x86_64 0.3.2 36.00 82.00 118.00 OK
r-patched-linux-x86_64 0.3.2 25.86 29.60 55.46 OK
r-release-linux-x86_64 0.3.2 27.38 29.88 57.26 OK
r-release-macos-arm64 0.3.2 32.00 NOTE
r-release-macos-x86_64 0.3.2 36.00 NOTE
r-release-windows-x86_64 0.3.2 52.00 82.00 134.00 OK
r-oldrel-macos-arm64 0.3.2 32.00 NOTE
r-oldrel-macos-x86_64 0.3.2 39.00 NOTE
r-oldrel-windows-ix86+x86_64 0.3.2 81.00 89.00 170.00 NOTE

Check Details

Version: 0.3.2
Check: installed package size
Result: NOTE
     installed size is 5.3Mb
     sub-directories of 1Mb or more:
     include 2.1Mb
     libs 3.1Mb
Flavors: r-release-macos-arm64, r-release-macos-x86_64, r-oldrel-macos-arm64, r-oldrel-macos-x86_64, r-oldrel-windows-ix86+x86_64