Last updated on 2025-01-21 00:48:40 CET.
Flavor | Version | Tinstall | Tcheck | Ttotal | Status | Flags |
---|---|---|---|---|---|---|
r-devel-linux-x86_64-debian-clang | 1.7-0 | 6.53 | 58.48 | 65.01 | OK | |
r-devel-linux-x86_64-debian-gcc | 1.7-0 | 3.69 | 43.18 | 46.87 | OK | |
r-devel-linux-x86_64-fedora-clang | 1.7-0 | 100.05 | OK | |||
r-devel-linux-x86_64-fedora-gcc | 1.7-0 | 78.23 | OK | |||
r-devel-windows-x86_64 | 1.7-0 | 7.00 | 88.00 | 95.00 | OK | |
r-patched-linux-x86_64 | 1.7-0 | 6.92 | 55.74 | 62.66 | OK | |
r-release-linux-x86_64 | 1.7-0 | 5.55 | 56.79 | 62.34 | OK | |
r-release-macos-arm64 | 1.7-0 | 54.00 | NOTE | |||
r-release-macos-x86_64 | 1.7-0 | 95.00 | OK | |||
r-release-windows-x86_64 | 1.6-1 | 7.00 | 97.00 | 104.00 | OK | |
r-oldrel-macos-arm64 | 1.7-0 | 54.00 | NOTE | |||
r-oldrel-macos-x86_64 | 1.7-0 | 79.00 | OK | |||
r-oldrel-windows-x86_64 | 1.7-0 | 9.00 | 94.00 | 103.00 | OK |
Version: 1.7-0
Check: whether the namespace can be loaded with stated dependencies
Result: NOTE
Warning in microbenchmark::get_nanotime() :
less accurate nanosecond times to avoid potential integer overflows
A namespace must be able to be loaded with just the base namespace
loaded: otherwise if the namespace gets loaded by a saved object, the
session will be unable to start.
Probably some imports need to be declared in the NAMESPACE file.
Flavors: r-release-macos-arm64, r-oldrel-macos-arm64