Last updated on 2021-03-09 07:49:52 CET.
Flavor | Version | Tinstall | Tcheck | Ttotal | Status | Flags |
---|---|---|---|---|---|---|
r-devel-linux-x86_64-debian-clang | 0.1.1 | 3.46 | 51.44 | 54.90 | OK | |
r-devel-linux-x86_64-debian-gcc | 0.1.1 | 2.44 | 40.27 | 42.71 | OK | |
r-devel-linux-x86_64-fedora-clang | 0.1.1 | 74.55 | NOTE | |||
r-devel-linux-x86_64-fedora-gcc | 0.1.1 | 65.13 | NOTE | |||
r-devel-windows-ix86+x86_64 | 0.1.1 | 8.00 | 93.00 | 101.00 | OK | |
r-devel-windows-x86_64-gcc10-UCRT | 0.1.1 | NOTE | ||||
r-patched-linux-x86_64 | 0.1.1 | 3.52 | 51.36 | 54.88 | OK | |
r-patched-solaris-x86 | 0.1.1 | 111.40 | NOTE | |||
r-release-linux-x86_64 | 0.1.1 | 2.79 | 50.31 | 53.10 | OK | |
r-release-macos-x86_64 | 0.1.1 | NOTE | ||||
r-release-windows-ix86+x86_64 | 0.1.1 | 5.00 | 90.00 | 95.00 | OK | |
r-oldrel-macos-x86_64 | 0.1.1 | NOTE | ||||
r-oldrel-windows-ix86+x86_64 | 0.1.1 | 4.00 | 72.00 | 76.00 | OK |
Version: 0.1.1
Check: dependencies in R code
Result: NOTE
Namespace in Imports field not imported from: ‘rgdal’
All declared Imports should be used.
Flavors: r-devel-linux-x86_64-fedora-clang, r-devel-linux-x86_64-fedora-gcc, r-devel-windows-x86_64-gcc10-UCRT, r-patched-solaris-x86, r-release-macos-x86_64, r-oldrel-macos-x86_64