CRAN Package Check Results for Package spacyr

Last updated on 2024-02-22 06:51:54 CET.

Flavor Version Tinstall Tcheck Ttotal Status Flags
r-devel-linux-x86_64-debian-clang 1.3.0 OK
r-devel-linux-x86_64-debian-gcc 1.3.0 2.97 33.37 36.34 OK
r-devel-linux-x86_64-fedora-clang 1.3.0 63.15 NOTE
r-devel-linux-x86_64-fedora-gcc 1.3.0 72.64 NOTE
r-devel-windows-x86_64 1.3.0 5.00 56.00 61.00 OK
r-patched-linux-x86_64 1.3.0 4.40 41.66 46.06 OK
r-release-linux-x86_64 1.3.0 3.05 42.05 45.10 OK
r-release-macos-arm64 1.3.0 32.00 OK
r-release-macos-x86_64 1.3.0 62.00 OK
r-release-windows-x86_64 1.3.0 6.00 59.00 65.00 OK
r-oldrel-macos-arm64 1.3.0 28.00 OK
r-oldrel-windows-x86_64 1.3.0 8.00 66.00 74.00 OK

Check Details

Version: 1.3.0
Check: data for non-ASCII characters
Result: NOTE Note: found 1 marked UTF-8 string Flavors: r-devel-linux-x86_64-fedora-clang, r-devel-linux-x86_64-fedora-gcc