CRAN Package Check Results for Package spant

Last updated on 2018-08-16 16:52:49 CEST.

Flavor Version Tinstall Tcheck Ttotal Status Flags
r-devel-linux-x86_64-debian-clang 0.11.0 9.86 83.33 93.19 OK
r-devel-linux-x86_64-debian-gcc 0.11.0 7.84 64.49 72.33 OK
r-devel-linux-x86_64-fedora-clang 0.11.0 113.43 NOTE
r-devel-linux-x86_64-fedora-gcc 0.11.0 107.16 NOTE
r-devel-windows-ix86+x86_64 0.11.0 23.00 111.00 134.00 OK
r-patched-linux-x86_64 0.11.0 9.97 77.74 87.71 OK
r-patched-solaris-x86 0.11.0 201.60 NOTE
r-release-linux-x86_64 0.11.0 9.76 79.43 89.19 OK
r-release-windows-ix86+x86_64 0.11.0 23.00 113.00 136.00 OK
r-release-osx-x86_64 0.11.0 WARN
r-oldrel-windows-ix86+x86_64 0.11.0 12.00 119.00 131.00 OK
r-oldrel-osx-x86_64 0.11.0 WARN

Check Details

Version: 0.11.0
Check: dependencies in R code
Result: NOTE
    Namespace in Imports field not imported from: ‘foreach’
     All declared Imports should be used.
Flavors: r-devel-linux-x86_64-fedora-clang, r-devel-linux-x86_64-fedora-gcc, r-patched-solaris-x86, r-release-osx-x86_64, r-oldrel-osx-x86_64

Version: 0.11.0
Check: whether package can be installed
Result: WARN
    Found the following significant warnings:
     Warning: loading Rplot failed
Flavors: r-release-osx-x86_64, r-oldrel-osx-x86_64