CRAN Package Check Results for Package spant

Last updated on 2019-01-23 16:49:44 CET.

Flavor Version Tinstall Tcheck Ttotal Status Flags
r-devel-linux-x86_64-debian-clang 0.12.0 13.69 97.76 111.45 OK
r-devel-linux-x86_64-debian-gcc 0.12.0 9.80 72.68 82.48 OK
r-devel-linux-x86_64-fedora-clang 0.12.0 129.39 NOTE
r-devel-linux-x86_64-fedora-gcc 0.12.0 125.23 NOTE
r-devel-windows-ix86+x86_64 0.12.0 20.00 123.00 143.00 OK
r-patched-linux-x86_64 0.12.0 12.37 83.54 95.91 OK
r-patched-solaris-x86 0.12.0 204.30 NOTE
r-release-linux-x86_64 0.12.0 10.47 83.92 94.39 OK
r-release-windows-ix86+x86_64 0.12.0 12.00 98.00 110.00 OK
r-release-osx-x86_64 0.12.0 NOTE
r-oldrel-windows-ix86+x86_64 0.12.0 8.00 134.00 142.00 OK
r-oldrel-osx-x86_64 0.12.0 NOTE

Check Details

Version: 0.12.0
Check: dependencies in R code
Result: NOTE
    Namespace in Imports field not imported from: ‘foreach’
     All declared Imports should be used.
Flavors: r-devel-linux-x86_64-fedora-clang, r-devel-linux-x86_64-fedora-gcc, r-patched-solaris-x86, r-release-osx-x86_64, r-oldrel-osx-x86_64