CRAN Package Check Results for Package spant

Last updated on 2018-10-17 06:47:22 CEST.

Flavor Version Tinstall Tcheck Ttotal Status Flags
r-devel-linux-x86_64-debian-clang 0.11.0 11.44 82.59 94.03 OK
r-devel-linux-x86_64-debian-gcc 0.11.0 8.46 64.10 72.56 OK
r-devel-linux-x86_64-fedora-clang 0.11.0 110.15 NOTE
r-devel-linux-x86_64-fedora-gcc 0.11.0 116.91 NOTE
r-devel-windows-ix86+x86_64 0.11.0 21.00 107.00 128.00 OK
r-patched-linux-x86_64 0.11.0 10.69 78.76 89.45 OK
r-patched-solaris-x86 0.11.0 197.40 NOTE
r-release-linux-x86_64 0.11.0 11.50 78.72 90.22 OK
r-release-windows-ix86+x86_64 0.11.0 23.00 110.00 133.00 OK
r-release-osx-x86_64 0.11.0 WARN
r-oldrel-windows-ix86+x86_64 0.11.0 17.00 94.00 111.00 OK
r-oldrel-osx-x86_64 0.11.0 WARN

Check Details

Version: 0.11.0
Check: dependencies in R code
Result: NOTE
    Namespace in Imports field not imported from: ‘foreach’
     All declared Imports should be used.
Flavors: r-devel-linux-x86_64-fedora-clang, r-devel-linux-x86_64-fedora-gcc, r-patched-solaris-x86, r-release-osx-x86_64, r-oldrel-osx-x86_64

Version: 0.11.0
Check: whether package can be installed
Result: WARN
    Found the following significant warnings:
     Warning: loading Rplot failed
Flavors: r-release-osx-x86_64, r-oldrel-osx-x86_64