CRAN Package Check Results for Package spant

Last updated on 2018-05-26 21:47:01 CEST.

Flavor Version Tinstall Tcheck Ttotal Status Flags
r-devel-linux-x86_64-debian-clang 0.9.0 9.39 75.57 84.96 OK
r-devel-linux-x86_64-debian-gcc 0.9.0 8.98 58.50 67.48 OK
r-devel-linux-x86_64-fedora-clang 0.9.0 109.00 NOTE
r-devel-linux-x86_64-fedora-gcc 0.9.0 105.61 NOTE
r-devel-windows-ix86+x86_64 0.9.0 11.00 78.00 89.00 OK
r-patched-linux-x86_64 0.9.0 8.22 72.32 80.54 OK
r-patched-solaris-x86 0.9.0 184.10 NOTE
r-release-linux-x86_64 0.9.0 7.42 72.79 80.21 OK
r-release-windows-ix86+x86_64 0.9.0 21.00 105.00 126.00 OK
r-release-osx-x86_64 0.9.0 NOTE
r-oldrel-windows-ix86+x86_64 0.9.0 10.00 79.00 89.00 OK
r-oldrel-osx-x86_64 0.9.0 WARN

Check Details

Version: 0.9.0
Check: dependencies in R code
Result: NOTE
    Namespace in Imports field not imported from: ‘foreach’
     All declared Imports should be used.
Flavors: r-devel-linux-x86_64-fedora-clang, r-devel-linux-x86_64-fedora-gcc, r-patched-solaris-x86, r-release-osx-x86_64, r-oldrel-osx-x86_64

Version: 0.9.0
Check: whether package can be installed
Result: WARN
    Found the following significant warnings:
     Warning: loading Rplot failed
Flavor: r-oldrel-osx-x86_64