CRAN Package Check Results for Package spant

Last updated on 2018-02-18 04:46:48 CET.

Flavor Version Tinstall Tcheck Ttotal Status Flags
r-devel-linux-x86_64-debian-clang 0.7.0 8.30 76.00 84.30 OK
r-devel-linux-x86_64-debian-gcc 0.7.0 7.91 57.68 65.59 OK
r-devel-linux-x86_64-fedora-clang 0.7.0 103.20 NOTE
r-devel-linux-x86_64-fedora-gcc 0.7.0 101.38 NOTE
r-devel-windows-ix86+x86_64 0.7.0 12.00 79.00 91.00 OK
r-patched-linux-x86_64 0.7.0 3.03 83.36 86.39 OK
r-patched-solaris-x86 0.7.0 153.90 NOTE
r-release-linux-x86_64 0.7.0 2.47 82.30 84.77 OK
r-release-windows-ix86+x86_64 0.7.0 9.00 114.00 123.00 OK
r-release-osx-x86_64 0.7.0 NOTE
r-oldrel-windows-ix86+x86_64 0.7.0 6.00 108.00 114.00 OK
r-oldrel-osx-x86_64 0.6.0 NOTE

Check Details

Version: 0.7.0
Check: dependencies in R code
Result: NOTE
    Namespace in Imports field not imported from: ‘foreach’
     All declared Imports should be used.
Flavors: r-devel-linux-x86_64-fedora-clang, r-devel-linux-x86_64-fedora-gcc, r-patched-solaris-x86, r-release-osx-x86_64

Version: 0.6.0
Check: dependencies in R code
Result: NOTE
    Namespace in Imports field not imported from: ‘foreach’
     All declared Imports should be used.
Flavor: r-oldrel-osx-x86_64