CRAN Package Check Results for Package sparkxgb

Last updated on 2024-02-27 16:49:29 CET.

Flavor Version Tinstall Tcheck Ttotal Status Flags
r-devel-linux-x86_64-debian-clang 0.1.1 9.77 65.55 75.32 NOTE
r-devel-linux-x86_64-debian-gcc 0.1.1 6.75 48.98 55.73 NOTE
r-devel-linux-x86_64-fedora-clang 0.1.1 89.25 NOTE
r-devel-linux-x86_64-fedora-gcc 0.1.1 86.63 NOTE
r-devel-windows-x86_64 0.1.1 7.00 70.00 77.00 NOTE
r-patched-linux-x86_64 0.1.1 12.39 62.97 75.36 NOTE
r-release-linux-x86_64 0.1.1 5.23 63.81 69.04 NOTE
r-release-macos-arm64 0.1.1 31.00 NOTE
r-release-macos-x86_64 0.1.1 58.00 NOTE
r-release-windows-x86_64 0.1.1 10.00 76.00 86.00 NOTE
r-oldrel-macos-arm64 0.1.1 28.00 NOTE
r-oldrel-windows-x86_64 0.1.1 11.00 79.00 90.00 NOTE

Check Details

Version: 0.1.1
Check: Rd files
Result: NOTE checkRd: (-1) xgboost_classifier.Rd:92: Lost braces; missing escapes or markup? 92 | \item{tree_method}{The tree construction algorithm used in XGBoost. options: {'auto', 'exact', 'approx'} [default='auto']} | ^ checkRd: (-1) xgboost_classifier.Rd:100: Lost braces; missing escapes or markup? 100 | \item{normalize_type}{Parameter of Dart booster. type of normalization algorithm, options: {'tree', 'forest'}. [default="tree"]} | ^ checkRd: (-1) xgboost_classifier.Rd:116: Lost braces; missing escapes or markup? 116 | \item{use_external_memory}{The tree construction algorithm used in XGBoost. options: {'auto', 'exact', 'approx'} [default='auto']} | ^ checkRd: (-1) xgboost_regressor.Rd:88: Lost braces; missing escapes or markup? 88 | \item{tree_method}{The tree construction algorithm used in XGBoost. options: {'auto', 'exact', 'approx'} [default='auto']} | ^ checkRd: (-1) xgboost_regressor.Rd:96: Lost braces; missing escapes or markup? 96 | \item{normalize_type}{Parameter of Dart booster. type of normalization algorithm, options: {'tree', 'forest'}. [default="tree"]} | ^ checkRd: (-1) xgboost_regressor.Rd:112: Lost braces; missing escapes or markup? 112 | \item{use_external_memory}{The tree construction algorithm used in XGBoost. options: {'auto', 'exact', 'approx'} [default='auto']} | ^ Flavors: r-devel-linux-x86_64-debian-clang, r-devel-linux-x86_64-debian-gcc, r-devel-linux-x86_64-fedora-clang, r-devel-linux-x86_64-fedora-gcc

Version: 0.1.1
Check: LazyData
Result: NOTE 'LazyData' is specified without a 'data' directory Flavors: r-devel-linux-x86_64-debian-clang, r-devel-linux-x86_64-debian-gcc, r-devel-linux-x86_64-fedora-clang, r-devel-linux-x86_64-fedora-gcc, r-devel-windows-x86_64, r-patched-linux-x86_64, r-release-linux-x86_64, r-release-macos-arm64, r-release-macos-x86_64, r-release-windows-x86_64, r-oldrel-macos-arm64, r-oldrel-windows-x86_64