Last updated on 2023-12-06 07:50:30 CET.
Flavor | Version | Tinstall | Tcheck | Ttotal | Status | Flags |
---|---|---|---|---|---|---|
r-devel-linux-x86_64-debian-clang | 0.1.0 | 2.85 | 112.17 | 115.02 | NOTE | |
r-devel-linux-x86_64-debian-gcc | 0.1.0 | 2.30 | 100.24 | 102.54 | NOTE | |
r-devel-linux-x86_64-fedora-clang | 0.1.0 | 145.86 | NOTE | |||
r-devel-linux-x86_64-fedora-gcc | 0.1.0 | 195.59 | NOTE | |||
r-devel-windows-x86_64 | 0.1.0 | 4.00 | 103.00 | 107.00 | NOTE | |
r-patched-linux-x86_64 | 0.1.0 | 2.36 | 137.39 | 139.75 | NOTE | |
r-release-linux-x86_64 | 0.1.0 | 2.36 | 137.84 | 140.20 | NOTE | |
r-release-macos-arm64 | 0.1.0 | 62.00 | NOTE | |||
r-release-macos-x86_64 | 0.1.0 | 116.00 | NOTE | |||
r-release-windows-x86_64 | 0.1.0 | 4.00 | 123.00 | 127.00 | NOTE | |
r-oldrel-macos-arm64 | 0.1.0 | 55.00 | NOTE | |||
r-oldrel-macos-x86_64 | 0.1.0 | 72.00 | NOTE | |||
r-oldrel-windows-x86_64 | 0.1.0 | 4.00 | 132.00 | 136.00 | NOTE |
Version: 0.1.0
Check: LazyData
Result: NOTE
'LazyData' is specified without a 'data' directory
Flavors: r-devel-linux-x86_64-debian-clang, r-devel-linux-x86_64-debian-gcc, r-devel-linux-x86_64-fedora-clang, r-devel-linux-x86_64-fedora-gcc, r-devel-windows-x86_64, r-patched-linux-x86_64, r-release-linux-x86_64, r-release-macos-arm64, r-release-macos-x86_64, r-release-windows-x86_64, r-oldrel-macos-arm64, r-oldrel-macos-x86_64, r-oldrel-windows-x86_64