CRAN Package Check Results for Package sparseIndexTracking

Last updated on 2021-05-09 20:47:49 CEST.

Flavor Version Tinstall Tcheck Ttotal Status Flags
r-devel-linux-x86_64-debian-clang 0.1.1 2.85 33.34 36.19 OK
r-devel-linux-x86_64-debian-gcc 0.1.1 2.29 26.25 28.54 OK
r-devel-linux-x86_64-fedora-clang 0.1.1 54.99 OK
r-devel-linux-x86_64-fedora-gcc 0.1.1 45.31 OK
r-devel-windows-ix86+x86_64 0.1.1 6.00 10.00 16.00 ERROR
r-devel-windows-x86_64-gcc10-UCRT 0.1.1 OK
r-patched-linux-x86_64 0.1.1 2.80 32.79 35.59 OK
r-patched-solaris-x86 0.1.1 72.80 OK
r-release-linux-x86_64 0.1.1 2.73 32.47 35.20 OK
r-release-macos-x86_64 0.1.1 OK
r-release-windows-ix86+x86_64 0.1.1 5.00 44.00 49.00 OK
r-oldrel-macos-x86_64 0.1.1 OK
r-oldrel-windows-ix86+x86_64 0.1.1 5.00 53.00 58.00 OK

Check Details

Version: 0.1.1
Check: whether package can be installed
Result: ERROR
    
    See * DONE
Flavor: r-devel-windows-ix86+x86_64