CRAN Package Check Results for Package sparsebnUtils

Last updated on 2019-01-24 09:49:55 CET.

Flavor Version Tinstall Tcheck Ttotal Status Flags
r-devel-linux-x86_64-debian-clang 0.0.6 3.36 49.35 52.71 NOTE
r-devel-linux-x86_64-debian-gcc 0.0.6 2.77 36.80 39.57 NOTE
r-devel-linux-x86_64-fedora-clang 0.0.6 60.00 NOTE
r-devel-linux-x86_64-fedora-gcc 0.0.6 57.30 NOTE
r-devel-windows-ix86+x86_64 0.0.6 8.00 81.00 89.00 OK
r-patched-linux-x86_64 0.0.6 2.50 46.81 49.31 NOTE
r-patched-solaris-x86 0.0.6 91.30 NOTE
r-release-linux-x86_64 0.0.6 3.29 45.33 48.62 NOTE
r-release-windows-ix86+x86_64 0.0.6 5.00 78.00 83.00 OK
r-release-osx-x86_64 0.0.6 NOTE
r-oldrel-windows-ix86+x86_64 0.0.6 4.00 52.00 56.00 OK
r-oldrel-osx-x86_64 0.0.6 NOTE

Check Details

Version: 0.0.6
Check: dependencies in R code
Result: NOTE
    Missing or unexported object: ‘RCy3::displayGraph’
Flavors: r-devel-linux-x86_64-debian-clang, r-devel-linux-x86_64-debian-gcc, r-devel-linux-x86_64-fedora-clang, r-devel-linux-x86_64-fedora-gcc, r-patched-linux-x86_64, r-patched-solaris-x86, r-release-linux-x86_64

Version: 0.0.6
Check: package dependencies
Result: NOTE
    Package suggested but not available for checking: ‘RCy3’
Flavors: r-release-osx-x86_64, r-oldrel-osx-x86_64

Version: 0.0.6
Check: Rd cross-references
Result: NOTE
    Package unavailable to check Rd xrefs: ‘RCy3’
Flavors: r-release-osx-x86_64, r-oldrel-osx-x86_64