CRAN Package Check Results for Package sparsebnUtils

Last updated on 2018-05-26 04:51:18 CEST.

Flavor Version Tinstall Tcheck Ttotal Status Flags
r-devel-linux-x86_64-debian-clang 0.0.6 3.53 47.46 50.99 OK
r-devel-linux-x86_64-debian-gcc 0.0.6 2.23 37.85 40.08 OK
r-devel-linux-x86_64-fedora-clang 0.0.6 60.98 OK
r-devel-linux-x86_64-fedora-gcc 0.0.6 61.12 OK
r-devel-windows-ix86+x86_64 0.0.6 5.00 80.00 85.00 OK
r-patched-linux-x86_64 0.0.6 2.03 43.14 45.17 OK
r-patched-solaris-x86 0.0.6 85.40 OK
r-release-linux-x86_64 0.0.6 2.83 43.62 46.45 OK
r-release-windows-ix86+x86_64 0.0.6 8.00 61.00 69.00 OK
r-release-osx-x86_64 0.0.6 NOTE
r-oldrel-windows-ix86+x86_64 0.0.6 5.00 54.00 59.00 OK
r-oldrel-osx-x86_64 0.0.6 NOTE

Check Details

Version: 0.0.6
Check: package dependencies
Result: NOTE
    Package suggested but not available for checking: ‘RCy3’
Flavors: r-release-osx-x86_64, r-oldrel-osx-x86_64

Version: 0.0.6
Check: Rd cross-references
Result: NOTE
    Package unavailable to check Rd xrefs: ‘RCy3’
Flavors: r-release-osx-x86_64, r-oldrel-osx-x86_64