CRAN Package Check Results for Package sparsebnUtils

Last updated on 2018-02-25 09:50:39 CET.

Flavor Version Tinstall Tcheck Ttotal Status Flags
r-devel-linux-x86_64-debian-clang 0.0.5 2.69 40.41 43.10 NOTE
r-devel-linux-x86_64-debian-gcc 0.0.5 1.65 31.50 33.15 NOTE
r-devel-linux-x86_64-fedora-clang 0.0.5 53.39 NOTE
r-devel-linux-x86_64-fedora-gcc 0.0.5 51.15 NOTE
r-devel-windows-ix86+x86_64 0.0.5 8.00 57.00 65.00 NOTE
r-patched-linux-x86_64 0.0.5 1.62 43.50 45.12 NOTE
r-patched-solaris-x86 0.0.5 76.40 NOTE
r-release-linux-x86_64 0.0.5 1.45 43.15 44.60 NOTE
r-release-windows-ix86+x86_64 0.0.5 3.00 66.00 69.00 NOTE
r-release-osx-x86_64 0.0.5 NOTE
r-oldrel-windows-ix86+x86_64 0.0.5 3.00 49.00 52.00 NOTE
r-oldrel-osx-x86_64 0.0.5 NOTE

Check Details

Version: 0.0.5
Check: dependencies in R code
Result: NOTE
    Unexported object imported by a ':::' call: ‘igraph:::as_graphnel’
     See the note in ?`:::` about the use of this operator.
Flavors: r-devel-linux-x86_64-debian-clang, r-devel-linux-x86_64-debian-gcc, r-devel-linux-x86_64-fedora-clang, r-devel-linux-x86_64-fedora-gcc, r-devel-windows-ix86+x86_64, r-patched-linux-x86_64, r-patched-solaris-x86, r-release-linux-x86_64, r-release-windows-ix86+x86_64, r-release-osx-x86_64, r-oldrel-windows-ix86+x86_64, r-oldrel-osx-x86_64

Version: 0.0.5
Check: package dependencies
Result: NOTE
    Package suggested but not available for checking: ‘RCy3’
Flavors: r-devel-linux-x86_64-fedora-clang, r-devel-linux-x86_64-fedora-gcc, r-patched-solaris-x86, r-release-osx-x86_64, r-oldrel-osx-x86_64