CRAN Package Check Results for Package sparsebnUtils

Last updated on 2018-08-15 18:48:16 CEST.

Flavor Version Tinstall Tcheck Ttotal Status Flags
r-devel-linux-x86_64-debian-clang 0.0.6 3.28 52.24 55.52 OK
r-devel-linux-x86_64-debian-gcc 0.0.6 2.44 38.75 41.19 OK
r-devel-linux-x86_64-fedora-clang 0.0.6 63.92 OK
r-devel-linux-x86_64-fedora-gcc 0.0.6 61.34 OK
r-devel-windows-ix86+x86_64 0.0.6 5.00 53.00 58.00 OK
r-patched-linux-x86_64 0.0.6 2.25 44.91 47.16 OK
r-patched-solaris-x86 0.0.6 93.80 OK
r-release-linux-x86_64 0.0.6 2.33 45.35 47.68 OK
r-release-windows-ix86+x86_64 0.0.6 6.00 71.00 77.00 OK
r-release-osx-x86_64 0.0.6 NOTE
r-oldrel-windows-ix86+x86_64 0.0.6 5.00 49.00 54.00 OK
r-oldrel-osx-x86_64 0.0.6 NOTE

Check Details

Version: 0.0.6
Check: package dependencies
Result: NOTE
    Package suggested but not available for checking: ‘RCy3’
Flavors: r-release-osx-x86_64, r-oldrel-osx-x86_64

Version: 0.0.6
Check: Rd cross-references
Result: NOTE
    Package unavailable to check Rd xrefs: ‘RCy3’
Flavors: r-release-osx-x86_64, r-oldrel-osx-x86_64