Last updated on 2022-07-05 00:52:26 CEST.
Flavor | Version | Tinstall | Tcheck | Ttotal | Status | Flags |
---|---|---|---|---|---|---|
r-devel-linux-x86_64-debian-clang | 1.2 | 72.91 | 135.52 | 208.43 | OK | |
r-devel-linux-x86_64-debian-gcc | 1.2 | 62.77 | 100.57 | 163.34 | OK | |
r-devel-linux-x86_64-fedora-clang | 1.2 | 285.28 | NOTE | |||
r-devel-linux-x86_64-fedora-gcc | 1.2 | 270.03 | NOTE | |||
r-devel-windows-x86_64 | 1.2 | 62.00 | 164.00 | 226.00 | OK | |
r-patched-linux-x86_64 | 1.2 | 71.16 | 125.85 | 197.01 | OK | |
r-release-linux-x86_64 | 1.2 | 66.67 | 123.60 | 190.27 | OK | |
r-release-macos-arm64 | 1.2 | 67.00 | OK | |||
r-release-macos-x86_64 | 1.2 | 129.00 | OK | |||
r-release-windows-x86_64 | 1.2 | 237.00 | 164.00 | 401.00 | OK | |
r-oldrel-macos-arm64 | 1.2 | 74.00 | OK | |||
r-oldrel-macos-x86_64 | 1.2 | 130.00 | OK | |||
r-oldrel-windows-ix86+x86_64 | 1.2 | 187.00 | 194.00 | 381.00 | OK |
Version: 1.2
Check: compiled code
Result: NOTE
File ‘sparsereg/libs/sparsereg.so’:
Found no calls to: ‘R_registerRoutines’, ‘R_useDynamicSymbols’
It is good practice to register native routines and to disable symbol
search.
See ‘Writing portable packages’ in the ‘Writing R Extensions’ manual.
Flavors: r-devel-linux-x86_64-fedora-clang, r-devel-linux-x86_64-fedora-gcc