CRAN Package Check Results for Package sparsevb

Last updated on 2024-02-26 05:57:51 CET.

Flavor Version Tinstall Tcheck Ttotal Status Flags
r-devel-linux-x86_64-debian-clang 0.1.0 94.79 85.18 179.97 NOTE
r-devel-linux-x86_64-debian-gcc 0.1.0 71.25 63.66 134.91 NOTE
r-devel-linux-x86_64-fedora-clang 0.1.0 243.83 NOTE
r-devel-linux-x86_64-fedora-gcc 0.1.0 253.65 NOTE
r-devel-windows-x86_64 0.1.0 70.00 98.00 168.00 NOTE
r-patched-linux-x86_64 0.1.0 93.59 82.23 175.82 NOTE
r-release-linux-x86_64 0.1.0 89.26 82.25 171.51 NOTE
r-release-macos-arm64 0.1.0 62.00 NOTE
r-release-macos-x86_64 0.1.0 104.00 NOTE
r-release-windows-x86_64 0.1.0 90.00 115.00 205.00 NOTE
r-oldrel-macos-arm64 0.1.0 56.00 OK
r-oldrel-windows-x86_64 0.1.0 90.00 110.00 200.00 OK

Check Details

Version: 0.1.0
Check: C++ specification
Result: NOTE Specified C++11: please drop specification unless essential Flavors: r-devel-linux-x86_64-debian-clang, r-devel-linux-x86_64-debian-gcc, r-devel-linux-x86_64-fedora-clang, r-devel-linux-x86_64-fedora-gcc, r-devel-windows-x86_64, r-patched-linux-x86_64, r-release-linux-x86_64, r-release-macos-arm64, r-release-macos-x86_64, r-release-windows-x86_64