CRAN Package Check Results for Package sparta

Last updated on 2024-02-27 16:49:29 CET.

Flavor Version Tinstall Tcheck Ttotal Status Flags
r-devel-linux-x86_64-debian-clang 0.8.4 116.01 35.00 151.01 NOTE
r-devel-linux-x86_64-debian-gcc 0.8.4 85.05 27.24 112.29 NOTE
r-devel-linux-x86_64-fedora-clang 0.8.4 216.29 NOTE
r-devel-linux-x86_64-fedora-gcc 0.8.4 219.07 NOTE
r-devel-windows-x86_64 0.8.4 81.00 74.00 155.00 NOTE
r-patched-linux-x86_64 0.8.4 104.53 34.30 138.83 NOTE
r-release-linux-x86_64 0.8.4 103.01 34.04 137.05 NOTE
r-release-macos-arm64 0.8.4 55.00 NOTE
r-release-macos-x86_64 0.8.4 91.00 NOTE
r-release-windows-x86_64 0.8.4 101.00 77.00 178.00 NOTE
r-oldrel-macos-arm64 0.8.4 48.00 OK
r-oldrel-windows-x86_64 0.8.4 103.00 77.00 180.00 OK

Check Details

Version: 0.8.4
Check: C++ specification
Result: NOTE Specified C++11: please drop specification unless essential Flavors: r-devel-linux-x86_64-debian-clang, r-devel-linux-x86_64-debian-gcc, r-devel-linux-x86_64-fedora-clang, r-devel-linux-x86_64-fedora-gcc, r-devel-windows-x86_64, r-patched-linux-x86_64, r-release-linux-x86_64, r-release-macos-arm64, r-release-macos-x86_64, r-release-windows-x86_64