CRAN Package Check Results for Package spartan

Last updated on 2019-02-22 22:55:19 CET.

Flavor Version Tinstall Tcheck Ttotal Status Flags
r-devel-linux-x86_64-debian-clang 3.0.2 9.19 119.77 128.96 OK
r-devel-linux-x86_64-debian-gcc 3.0.2 6.57 89.89 96.46 OK
r-devel-linux-x86_64-fedora-clang 3.0.2 148.33 NOTE
r-devel-linux-x86_64-fedora-gcc 3.0.2 142.44 NOTE
r-devel-windows-ix86+x86_64 3.0.2 23.00 135.00 158.00 OK
r-patched-linux-x86_64 3.0.2 9.21 110.02 119.23 OK
r-patched-solaris-x86 3.0.2 197.00 NOTE
r-release-linux-x86_64 3.0.2 OK
r-release-windows-ix86+x86_64 3.0.2 22.00 176.00 198.00 OK
r-release-osx-x86_64 3.0.2 NOTE
r-oldrel-windows-ix86+x86_64 3.0.2 13.00 196.00 209.00 OK
r-oldrel-osx-x86_64 3.0.2 NOTE

Additional issues

noLD

Check Details

Version: 3.0.2
Check: dependencies in R code
Result: NOTE
    Namespace in Imports field not imported from: ‘gplots’
     All declared Imports should be used.
Flavors: r-devel-linux-x86_64-fedora-clang, r-devel-linux-x86_64-fedora-gcc, r-patched-solaris-x86, r-release-osx-x86_64, r-oldrel-osx-x86_64