CRAN Package Check Results for Package spatial

Last updated on 2018-05-21 00:50:24 CEST.

Flavor Version Tinstall Tcheck Ttotal Status Flags
r-devel-linux-x86_64-debian-clang 7.3-11 2.82 19.26 22.08 OK
r-devel-linux-x86_64-debian-gcc 7.3-11 2.17 17.99 20.16 OK
r-devel-linux-x86_64-fedora-clang 7.3-11 32.62 OK
r-devel-linux-x86_64-fedora-gcc 7.3-11 29.98 OK
r-devel-windows-ix86+x86_64 7.3-11 16.00 64.00 80.00 OK
r-patched-linux-x86_64 7.3-11 2.31 21.83 24.14 OK
r-patched-solaris-x86 7.3-11 OK
r-release-linux-x86_64 7.3-11 2.58 21.78 24.36 OK
r-release-windows-ix86+x86_64 7.3-11 13.00 42.00 55.00 NOTE
r-release-osx-x86_64 7.3-11 OK
r-oldrel-windows-ix86+x86_64 7.3-11 9.00 53.00 62.00 OK
r-oldrel-osx-x86_64 7.3-11 OK

Check Details

Version: 7.3-11
Check: compiled code
Result: NOTE
    Note: information on .o files for i386 is not available
    Note: information on .o files for x64 is not available
    File 'd:/Rcompile/CRANpkg/lib/3.5/spatial/libs/i386/spatial.dll':
     Found 'abort', possibly from 'abort' (C), 'runtime' (Fortran)
    File 'd:/Rcompile/CRANpkg/lib/3.5/spatial/libs/x64/spatial.dll':
     Found 'abort', possibly from 'abort' (C), 'runtime' (Fortran)
    
    Compiled code should not call entry points which might terminate R nor
    write to stdout/stderr instead of to the console, nor use Fortran I/O
    nor system RNGs. The detected symbols are linked into the code but
    might come from libraries and not actually be called.
    
    See 'Writing portable packages' in the 'Writing R Extensions' manual.
Flavor: r-release-windows-ix86+x86_64