CRAN Package Check Results for Package spatialfusion

Last updated on 2022-12-06 19:55:57 CET.

Flavor Version Tinstall Tcheck Ttotal Status Flags
r-devel-linux-x86_64-debian-clang 0.6-6 16.10 140.50 156.60 NOTE
r-devel-linux-x86_64-debian-gcc 0.6-6 9.86 101.76 111.62 NOTE
r-devel-linux-x86_64-fedora-clang 0.6-6 208.57 OK
r-devel-linux-x86_64-fedora-gcc 0.6-6 205.71 OK
r-devel-windows-x86_64 0.6-6 34.00 157.00 191.00 NOTE
r-patched-linux-x86_64 0.6-6 16.86 129.66 146.52 NOTE
r-release-linux-x86_64 0.6-6 12.16 131.58 143.74 NOTE
r-release-macos-arm64 0.6-6 45.00 NOTE
r-release-macos-x86_64 0.6-6 76.00 NOTE
r-release-windows-x86_64 0.6-6 76.00 160.00 236.00 NOTE
r-oldrel-macos-arm64 0.6-6 46.00 NOTE
r-oldrel-macos-x86_64 0.6-6 76.00 NOTE
r-oldrel-windows-ix86+x86_64 0.6-6 35.00 153.00 188.00 OK

Check Details

Version: 0.6-6
Check: package dependencies
Result: NOTE
    Package suggested but not available for checking: 'INLA'
Flavors: r-devel-linux-x86_64-debian-clang, r-devel-linux-x86_64-debian-gcc, r-devel-windows-x86_64, r-patched-linux-x86_64, r-release-linux-x86_64, r-release-macos-arm64, r-release-macos-x86_64, r-release-windows-x86_64, r-oldrel-macos-arm64, r-oldrel-macos-x86_64