CRAN Package Check Results for Package spatialfusion

Last updated on 2019-09-23 12:48:05 CEST.

Flavor Version Tinstall Tcheck Ttotal Status Flags
r-devel-linux-x86_64-debian-clang 0.6 21.74 153.05 174.79 NOTE
r-devel-linux-x86_64-debian-gcc 0.6 19.36 119.79 139.15 NOTE
r-devel-linux-x86_64-fedora-clang 0.6 224.41 OK
r-devel-linux-x86_64-fedora-gcc 0.6 217.94 OK
r-devel-windows-ix86+x86_64 0.6 73.00 165.00 238.00 OK
r-patched-linux-x86_64 0.6 22.02 150.02 172.04 NOTE
r-patched-solaris-x86 0.6 387.10 NOTE
r-release-linux-x86_64 0.6 20.91 150.60 171.51 NOTE
r-release-windows-ix86+x86_64 0.6 73.00 215.00 288.00 OK
r-release-osx-x86_64 0.6 NOTE
r-oldrel-windows-ix86+x86_64 0.6 28.00 150.00 178.00 OK
r-oldrel-osx-x86_64 0.6 NOTE

Check Details

Version: 0.6
Check: package dependencies
Result: NOTE
    Package suggested but not available for checking: 'INLA'
Flavors: r-devel-linux-x86_64-debian-clang, r-devel-linux-x86_64-debian-gcc, r-patched-linux-x86_64, r-patched-solaris-x86, r-release-linux-x86_64, r-release-osx-x86_64, r-oldrel-osx-x86_64