CRAN Package Check Results for Package spatialfusion

Last updated on 2020-02-24 14:48:18 CET.

Flavor Version Tinstall Tcheck Ttotal Status Flags
r-devel-linux-x86_64-debian-clang 0.6-1 19.09 150.41 169.50 NOTE
r-devel-linux-x86_64-debian-gcc 0.6-1 16.72 114.68 131.40 NOTE
r-devel-linux-x86_64-fedora-clang 0.6-1 219.77 OK
r-devel-linux-x86_64-fedora-gcc 0.6-1 204.65 OK
r-devel-windows-ix86+x86_64 0.6-1 39.00 149.00 188.00 OK
r-devel-windows-ix86+x86_64-gcc8 0.6-1 57.00 208.00 265.00 OK
r-patched-linux-x86_64 0.6-1 NOTE
r-patched-solaris-x86 0.6-1 310.90 NOTE
r-release-linux-x86_64 0.6-1 16.99 132.12 149.11 NOTE
r-release-windows-ix86+x86_64 0.6-1 33.00 133.00 166.00 OK
r-release-osx-x86_64 0.6-1 NOTE
r-oldrel-windows-ix86+x86_64 0.6-1 24.00 153.00 177.00 OK
r-oldrel-osx-x86_64 0.6-1 NOTE

Check Details

Version: 0.6-1
Check: package dependencies
Result: NOTE
    Package suggested but not available for checking: 'INLA'
Flavors: r-devel-linux-x86_64-debian-clang, r-devel-linux-x86_64-debian-gcc, r-patched-linux-x86_64, r-patched-solaris-x86, r-release-linux-x86_64, r-release-osx-x86_64, r-oldrel-osx-x86_64

Version: 0.6-1
Check: dependencies in R code
Result: NOTE
    No protocol specified
    No protocol specified
Flavors: r-release-osx-x86_64, r-oldrel-osx-x86_64